Last updated on 2024-05-13 03:49:51 CEST.
Flavor | Version | Tinstall | Tcheck | Ttotal | Status | Flags |
---|---|---|---|---|---|---|
r-devel-linux-x86_64-debian-clang | 1.39.3 | 17.08 | 175.11 | 192.19 | NOTE | |
r-devel-linux-x86_64-debian-gcc | 1.39.3 | 15.04 | 122.83 | 137.87 | NOTE | |
r-devel-linux-x86_64-fedora-clang | 1.39.3 | 239.82 | NOTE | |||
r-devel-linux-x86_64-fedora-gcc | 1.39.3 | 267.97 | NOTE | |||
r-devel-windows-x86_64 | 1.39.3 | 17.00 | 166.00 | 183.00 | NOTE | |
r-patched-linux-x86_64 | 1.39.3 | 21.52 | 169.20 | 190.72 | NOTE | |
r-release-linux-x86_64 | 1.39.3 | 14.84 | 162.88 | 177.72 | NOTE | |
r-release-macos-arm64 | 1.39.3 | 67.00 | NOTE | |||
r-release-windows-x86_64 | 1.39.3 | 16.00 | 165.00 | 181.00 | NOTE | |
r-oldrel-macos-arm64 | 1.39.3 | 79.00 | NOTE | |||
r-oldrel-macos-x86_64 | 1.39.3 | 166.00 | NOTE | |||
r-oldrel-windows-x86_64 | 1.39.3 | 22.00 | 191.00 | 213.00 | NOTE |
Version: 1.39.3
Check: package dependencies
Result: NOTE
Packages which this enhances but not available for checking:
'mhurdle', 'mnlogit', 'Zelig'
Flavors: r-devel-linux-x86_64-debian-clang, r-devel-linux-x86_64-debian-gcc, r-devel-linux-x86_64-fedora-clang, r-devel-linux-x86_64-fedora-gcc, r-patched-linux-x86_64, r-release-linux-x86_64
Version: 1.39.3
Check: Rd cross-references
Result: NOTE
Unknown package ‘mhurdle’ in Rd xrefs
Flavors: r-devel-linux-x86_64-debian-clang, r-devel-linux-x86_64-debian-gcc, r-devel-linux-x86_64-fedora-clang, r-devel-linux-x86_64-fedora-gcc, r-patched-linux-x86_64, r-release-linux-x86_64
Version: 1.39.3
Check: package dependencies
Result: NOTE
Packages which this enhances but not available for checking:
'mnlogit', 'Zelig'
Flavors: r-devel-windows-x86_64, r-release-macos-arm64, r-release-windows-x86_64, r-oldrel-macos-arm64, r-oldrel-macos-x86_64, r-oldrel-windows-x86_64