Last updated on 2024-05-21 03:55:33 CEST.
Flavor | Version | Tinstall | Tcheck | Ttotal | Status | Flags |
---|---|---|---|---|---|---|
r-devel-linux-x86_64-debian-clang | 1.6 | 13.94 | 121.25 | 135.19 | OK | |
r-devel-linux-x86_64-debian-gcc | 1.6 | 8.65 | 86.86 | 95.51 | OK | |
r-devel-linux-x86_64-fedora-clang | 1.6 | 161.02 | NOTE | |||
r-devel-linux-x86_64-fedora-gcc | 1.6 | 166.90 | NOTE | |||
r-devel-windows-x86_64 | 1.6 | 13.00 | 122.00 | 135.00 | OK | |
r-patched-linux-x86_64 | 1.6 | 17.30 | 109.87 | 127.17 | OK | |
r-release-linux-x86_64 | 1.6 | 11.05 | 112.43 | 123.48 | OK | |
r-release-macos-arm64 | 1.6 | 52.00 | OK | |||
r-release-windows-x86_64 | 1.6 | 14.00 | 122.00 | 136.00 | OK | |
r-oldrel-macos-arm64 | 1.6 | 62.00 | OK | |||
r-oldrel-macos-x86_64 | 1.6 | 146.00 | OK | |||
r-oldrel-windows-x86_64 | 1.6 | 16.00 | 140.00 | 156.00 | OK |
Version: 1.6
Check: compiled code
Result: NOTE
File ‘tmvtnorm/libs/tmvtnorm.so’:
Found no calls to: ‘R_registerRoutines’, ‘R_useDynamicSymbols’
It is good practice to register native routines and to disable symbol
search.
See ‘Writing portable packages’ in the ‘Writing R Extensions’ manual.
Flavors: r-devel-linux-x86_64-fedora-clang, r-devel-linux-x86_64-fedora-gcc