Last updated on 2024-05-21 03:55:35 CEST.
Flavor | Version | Tinstall | Tcheck | Ttotal | Status | Flags |
---|---|---|---|---|---|---|
r-devel-linux-x86_64-debian-clang | 0.2.0 | 2.36 | 41.80 | 44.16 | OK | |
r-devel-linux-x86_64-debian-gcc | 0.2.0 | 1.94 | 32.90 | 34.84 | OK | |
r-devel-linux-x86_64-fedora-clang | 0.2.0 | 58.88 | NOTE | |||
r-devel-linux-x86_64-fedora-gcc | 0.2.0 | 68.32 | NOTE | |||
r-devel-windows-x86_64 | 0.2.0 | 3.00 | 59.00 | 62.00 | OK | |
r-patched-linux-x86_64 | 0.2.0 | 2.92 | 40.85 | 43.77 | OK | |
r-release-linux-x86_64 | 0.2.0 | 2.88 | 40.89 | 43.77 | OK | |
r-release-macos-arm64 | 0.2.0 | 28.00 | OK | |||
r-release-windows-x86_64 | 0.2.0 | 4.00 | 60.00 | 64.00 | OK | |
r-oldrel-macos-arm64 | 0.2.0 | 28.00 | OK | |||
r-oldrel-macos-x86_64 | 0.2.0 | 44.00 | OK | |||
r-oldrel-windows-x86_64 | 0.2.0 | 4.00 | 61.00 | 65.00 | OK |
Version: 0.2.0
Check: data for non-ASCII characters
Result: NOTE
Note: found 4954 marked UTF-8 strings
Flavors: r-devel-linux-x86_64-fedora-clang, r-devel-linux-x86_64-fedora-gcc