Last updated on 2024-05-21 03:55:35 CEST.
Flavor | Version | Tinstall | Tcheck | Ttotal | Status | Flags |
---|---|---|---|---|---|---|
r-devel-linux-x86_64-debian-clang | 1.0.8 | 726.02 | 320.59 | 1046.61 | OK | |
r-devel-linux-x86_64-debian-gcc | 1.0.8 | 665.53 | 279.06 | 944.59 | OK | |
r-devel-linux-x86_64-fedora-clang | 1.0.8 | 1242.92 | NOTE | |||
r-devel-linux-x86_64-fedora-gcc | 1.0.8 | 1721.53 | NOTE | |||
r-devel-windows-x86_64 | 1.0.8 | 534.00 | 354.00 | 888.00 | NOTE | |
r-patched-linux-x86_64 | 1.0.8 | 572.28 | 363.84 | 936.12 | OK | |
r-release-linux-x86_64 | 1.0.8 | 611.91 | 364.81 | 976.72 | OK | |
r-release-macos-arm64 | 1.0.8 | 290.00 | NOTE | |||
r-release-windows-x86_64 | 1.0.8 | 527.00 | 284.00 | 811.00 | NOTE | |
r-oldrel-macos-arm64 | 1.0.8 | 532.00 | NOTE | |||
r-oldrel-macos-x86_64 | 1.0.8 | 761.00 | NOTE | |||
r-oldrel-windows-x86_64 | 1.0.8 | 693.00 | 343.00 | 1036.00 | NOTE |
Version: 1.0.8
Check: installed package size
Result: NOTE
installed size is 7.3Mb
sub-directories of 1Mb or more:
libs 5.9Mb
Flavors: r-devel-linux-x86_64-fedora-clang, r-devel-windows-x86_64, r-release-macos-arm64, r-release-windows-x86_64, r-oldrel-macos-arm64, r-oldrel-macos-x86_64, r-oldrel-windows-x86_64
Version: 1.0.8
Check: for GNU extensions in Makefiles
Result: NOTE
GNU make is a SystemRequirements.
Flavors: r-devel-linux-x86_64-fedora-clang, r-devel-linux-x86_64-fedora-gcc, r-release-macos-arm64, r-oldrel-macos-arm64, r-oldrel-macos-x86_64