Last updated on 2024-05-21 15:50:45 CEST.
Flavor | Version | Tinstall | Tcheck | Ttotal | Status | Flags |
---|---|---|---|---|---|---|
r-devel-linux-x86_64-debian-clang | 1.1.1 | 16.48 | 402.98 | 419.46 | OK | |
r-devel-linux-x86_64-debian-gcc | 1.1.1 | 14.21 | 300.96 | 315.17 | OK | |
r-devel-linux-x86_64-fedora-clang | 1.1.1 | 515.67 | NOTE | |||
r-devel-linux-x86_64-fedora-gcc | 1.1.1 | 503.68 | OK | |||
r-devel-windows-x86_64 | 1.1.1 | 15.00 | 297.00 | 312.00 | OK | |
r-patched-linux-x86_64 | 1.1.1 | 12.08 | 387.82 | 399.90 | OK | |
r-release-linux-x86_64 | 1.1.1 | 11.06 | 385.17 | 396.23 | OK | |
r-release-macos-arm64 | 1.1.1 | 148.00 | OK | |||
r-release-windows-x86_64 | 1.1.1 | 15.00 | 285.00 | 300.00 | OK | |
r-oldrel-macos-arm64 | 1.1.1 | 226.00 | OK | |||
r-oldrel-macos-x86_64 | 1.1.1 | 348.00 | OK | |||
r-oldrel-windows-x86_64 | 1.1.1 | 19.00 | 368.00 | 387.00 | OK |
Version: 1.1.1
Check: package dependencies
Result: NOTE
Imports includes 22 non-default packages.
Importing from so many packages makes the package vulnerable to any of
them becoming unavailable. Move as many as possible to Suggests and
use conditionally.
Flavor: r-devel-linux-x86_64-fedora-clang