Last updated on 2024-05-04 15:47:52 CEST.
Flavor | Version | Tinstall | Tcheck | Ttotal | Status | Flags |
---|---|---|---|---|---|---|
r-devel-linux-x86_64-debian-clang | 2.9.7 | 190.10 | 185.26 | 375.36 | OK | |
r-devel-linux-x86_64-debian-gcc | 2.9.7 | 136.58 | 128.86 | 265.44 | OK | |
r-devel-linux-x86_64-fedora-clang | 2.9.7 | 522.19 | OK | |||
r-devel-linux-x86_64-fedora-gcc | 2.9.7 | 497.19 | OK | |||
r-devel-windows-x86_64 | 2.9.7 | 137.00 | 194.00 | 331.00 | NOTE | |
r-patched-linux-x86_64 | 2.9.7 | 168.54 | 179.42 | 347.96 | OK | |
r-release-linux-x86_64 | 2.9.7 | 177.23 | 173.54 | 350.77 | OK | |
r-release-macos-arm64 | 2.9.7 | 116.00 | NOTE | |||
r-release-macos-x86_64 | 2.9.7 | 250.00 | NOTE | |||
r-release-windows-x86_64 | 2.9.7 | 134.00 | 179.00 | 313.00 | NOTE | |
r-oldrel-macos-arm64 | 2.9.7 | 114.00 | NOTE | |||
r-oldrel-macos-x86_64 | 2.9.7 | 226.00 | NOTE | |||
r-oldrel-windows-x86_64 | 2.9.7 | 166.00 | 204.00 | 370.00 | NOTE |
Version: 2.9.7
Check: installed package size
Result: NOTE
installed size is 5.9Mb
sub-directories of 1Mb or more:
data 3.1Mb
libs 1.3Mb
Flavors: r-devel-windows-x86_64, r-release-macos-arm64, r-release-macos-x86_64, r-release-windows-x86_64, r-oldrel-macos-arm64, r-oldrel-macos-x86_64, r-oldrel-windows-x86_64