Last updated on 2024-08-16 15:49:27 CEST.
Flavor | Version | Tinstall | Tcheck | Ttotal | Status | Flags |
---|---|---|---|---|---|---|
r-devel-linux-x86_64-debian-clang | 0.1.3 | 11.52 | 80.54 | 92.06 | NOTE | |
r-devel-linux-x86_64-debian-gcc | 0.1.3 | 8.12 | 51.87 | 59.99 | NOTE | |
r-devel-linux-x86_64-fedora-clang | 0.1.3 | 154.09 | NOTE | |||
r-devel-linux-x86_64-fedora-gcc | 0.1.3 | 156.60 | NOTE | |||
r-devel-windows-x86_64 | 0.1.3 | 13.00 | 103.00 | 116.00 | NOTE | |
r-patched-linux-x86_64 | 0.1.3 | 11.20 | 74.38 | 85.58 | NOTE | |
r-release-linux-x86_64 | 0.1.3 | 10.97 | 75.47 | 86.44 | NOTE | |
r-release-macos-arm64 | 0.1.3 | 43.00 | NOTE | |||
r-release-macos-x86_64 | 0.1.3 | 71.00 | NOTE | |||
r-release-windows-x86_64 | 0.1.3 | 13.00 | 103.00 | 116.00 | NOTE | |
r-oldrel-macos-arm64 | 0.1.3 | 45.00 | NOTE | |||
r-oldrel-macos-x86_64 | 0.1.3 | 79.00 | NOTE | |||
r-oldrel-windows-x86_64 | 0.1.3 | 18.00 | 103.00 | 121.00 | NOTE |
Version: 0.1.3
Check: LazyData
Result: NOTE
'LazyData' is specified without a 'data' directory
Flavors: r-devel-linux-x86_64-debian-clang, r-devel-linux-x86_64-debian-gcc, r-devel-linux-x86_64-fedora-clang, r-devel-linux-x86_64-fedora-gcc, r-devel-windows-x86_64, r-patched-linux-x86_64, r-release-linux-x86_64, r-release-macos-arm64, r-release-macos-x86_64, r-release-windows-x86_64, r-oldrel-macos-arm64, r-oldrel-macos-x86_64, r-oldrel-windows-x86_64