Last updated on 2024-08-16 15:49:27 CEST.
Flavor | Version | Tinstall | Tcheck | Ttotal | Status | Flags |
---|---|---|---|---|---|---|
r-devel-linux-x86_64-debian-clang | 1.4.4 | 123.63 | 117.64 | 241.27 | OK | |
r-devel-linux-x86_64-debian-gcc | 1.4.4 | 83.39 | 83.71 | 167.10 | OK | |
r-devel-linux-x86_64-fedora-clang | 1.4.4 | 411.52 | OK | |||
r-devel-linux-x86_64-fedora-gcc | 1.4.4 | 429.87 | OK | |||
r-devel-windows-x86_64 | 1.4.4 | 120.00 | 137.00 | 257.00 | OK | |
r-patched-linux-x86_64 | 1.4.4 | 118.90 | 112.55 | 231.45 | OK | |
r-release-linux-x86_64 | 1.4.4 | 118.64 | 110.98 | 229.62 | OK | |
r-release-macos-arm64 | 1.4.4 | 99.00 | NOTE | |||
r-release-macos-x86_64 | 1.4.4 | 129.00 | NOTE | |||
r-release-windows-x86_64 | 1.4.4 | 123.00 | 138.00 | 261.00 | OK | |
r-oldrel-macos-arm64 | 1.4.4 | 107.00 | NOTE | |||
r-oldrel-macos-x86_64 | 1.4.4 | 159.00 | NOTE | |||
r-oldrel-windows-x86_64 | 1.4.4 | 150.00 | 173.00 | 323.00 | OK |
Version: 1.4.4
Check: installed package size
Result: NOTE
installed size is 14.4Mb
sub-directories of 1Mb or more:
libs 13.4Mb
Flavors: r-release-macos-arm64, r-release-macos-x86_64, r-oldrel-macos-arm64, r-oldrel-macos-x86_64