Last updated on 2024-08-16 15:49:27 CEST.
Flavor | Version | Tinstall | Tcheck | Ttotal | Status | Flags |
---|---|---|---|---|---|---|
r-devel-linux-x86_64-debian-clang | 2.5.7 | 92.48 | 451.68 | 544.16 | NOTE | |
r-devel-linux-x86_64-debian-gcc | 2.5.7 | 63.19 | 273.13 | 336.32 | NOTE | |
r-devel-linux-x86_64-fedora-clang | 2.5.7 | 899.15 | NOTE | |||
r-devel-linux-x86_64-fedora-gcc | 2.5.7 | 889.51 | NOTE | |||
r-devel-windows-x86_64 | 2.5.7 | 89.00 | 403.00 | 492.00 | NOTE | |
r-patched-linux-x86_64 | 2.5.7 | 87.63 | 411.86 | 499.49 | NOTE | |
r-release-linux-x86_64 | 2.5.7 | 89.31 | 415.75 | 505.06 | NOTE | |
r-release-macos-arm64 | 2.5.7 | 153.00 | NOTE | |||
r-release-macos-x86_64 | 2.5.7 | 343.00 | NOTE | |||
r-release-windows-x86_64 | 2.5.7 | 94.00 | 400.00 | 494.00 | NOTE | |
r-oldrel-macos-arm64 | 2.5.7 | 224.00 | NOTE | |||
r-oldrel-macos-x86_64 | 2.5.7 | 339.00 | NOTE | |||
r-oldrel-windows-x86_64 | 2.5.7 | 109.00 | 530.00 | 639.00 | NOTE |
Version: 2.5.7
Check: for GNU extensions in Makefiles
Result: NOTE
GNU make is a SystemRequirements.
Flavors: r-devel-linux-x86_64-debian-clang, r-devel-linux-x86_64-debian-gcc, r-devel-linux-x86_64-fedora-clang, r-devel-linux-x86_64-fedora-gcc, r-devel-windows-x86_64, r-patched-linux-x86_64, r-release-linux-x86_64, r-release-macos-arm64, r-release-macos-x86_64, r-release-windows-x86_64, r-oldrel-macos-arm64, r-oldrel-macos-x86_64, r-oldrel-windows-x86_64
Version: 2.5.7
Check: data for non-ASCII characters
Result: NOTE
Note: found 582 marked UTF-8 strings
Flavors: r-devel-linux-x86_64-fedora-clang, r-devel-linux-x86_64-fedora-gcc
Version: 2.5.7
Check: installed package size
Result: NOTE
installed size is 5.6Mb
sub-directories of 1Mb or more:
doc 2.8Mb
libs 1.3Mb
Flavors: r-devel-windows-x86_64, r-release-macos-arm64, r-release-macos-x86_64, r-release-windows-x86_64, r-oldrel-macos-arm64, r-oldrel-macos-x86_64, r-oldrel-windows-x86_64