Last updated on 2024-05-02 15:50:55 CEST.
Flavor | Version | Tinstall | Tcheck | Ttotal | Status | Flags |
---|---|---|---|---|---|---|
r-devel-linux-x86_64-debian-clang | 3.0.3 | 25.84 | 78.31 | 104.15 | OK | |
r-devel-linux-x86_64-debian-gcc | 3.0.3 | 26.57 | 58.41 | 84.98 | OK | |
r-devel-linux-x86_64-fedora-clang | 3.0.3 | 142.00 | NOTE | |||
r-devel-linux-x86_64-fedora-gcc | 3.0.3 | 158.55 | NOTE | |||
r-devel-windows-x86_64 | 3.0.3 | 28.00 | 80.00 | 108.00 | OK | |
r-patched-linux-x86_64 | 3.0.3 | 20.98 | 77.97 | 98.95 | OK | |
r-release-linux-x86_64 | 3.0.3 | 21.75 | 73.15 | 94.90 | OK | |
r-release-macos-arm64 | 3.0.3 | 57.00 | OK | |||
r-release-windows-x86_64 | 3.0.3 | 29.00 | 81.00 | 110.00 | OK | |
r-oldrel-macos-arm64 | 3.0.3 | 60.00 | OK | |||
r-oldrel-macos-x86_64 | 3.0.3 | 82.00 | OK | |||
r-oldrel-windows-x86_64 | 3.0.3 | 40.00 | 86.00 | 126.00 | OK |
Version: 3.0.3
Check: dependencies in R code
Result: NOTE
Namespace in Imports field not imported from: ‘httr’
All declared Imports should be used.
Flavors: r-devel-linux-x86_64-fedora-clang, r-devel-linux-x86_64-fedora-gcc