Last updated on 2024-08-16 15:49:27 CEST.
Flavor | Version | Tinstall | Tcheck | Ttotal | Status | Flags |
---|---|---|---|---|---|---|
r-devel-linux-x86_64-debian-clang | 0.7.1 | 12.49 | 123.99 | 136.48 | OK | |
r-devel-linux-x86_64-debian-gcc | 0.7.1 | 9.49 | 87.83 | 97.32 | OK | |
r-devel-linux-x86_64-fedora-clang | 0.7.1 | 225.69 | NOTE | |||
r-devel-linux-x86_64-fedora-gcc | 0.7.1 | 214.94 | OK | |||
r-devel-windows-x86_64 | 0.7.1 | 14.00 | 122.00 | 136.00 | NOTE | |
r-patched-linux-x86_64 | 0.7.1 | 13.39 | 115.78 | 129.17 | OK | |
r-release-linux-x86_64 | 0.7.1 | 13.07 | 116.81 | 129.88 | OK | |
r-release-macos-arm64 | 0.7.1 | 60.00 | NOTE | |||
r-release-macos-x86_64 | 0.7.1 | 106.00 | NOTE | |||
r-release-windows-x86_64 | 0.7.1 | 15.00 | 122.00 | 137.00 | NOTE | |
r-oldrel-macos-arm64 | 0.7.1 | 60.00 | NOTE | |||
r-oldrel-macos-x86_64 | 0.7.1 | 134.00 | NOTE | |||
r-oldrel-windows-x86_64 | 0.7.1 | 20.00 | 160.00 | 180.00 | NOTE |
Version: 0.7.1
Check: installed package size
Result: NOTE
installed size is 6.3Mb
sub-directories of 1Mb or more:
help 6.0Mb
Flavors: r-devel-linux-x86_64-fedora-clang, r-devel-windows-x86_64, r-release-macos-arm64, r-release-macos-x86_64, r-release-windows-x86_64, r-oldrel-macos-arm64, r-oldrel-macos-x86_64, r-oldrel-windows-x86_64