Last updated on 2024-07-12 02:51:06 CEST.
Flavor | Version | Tinstall | Tcheck | Ttotal | Status | Flags |
---|---|---|---|---|---|---|
r-devel-linux-x86_64-debian-clang | 1.0.1 | 3.47 | 472.73 | 476.20 | OK | |
r-devel-linux-x86_64-debian-gcc | 1.0.1 | 2.59 | 339.20 | 341.79 | OK | |
r-devel-linux-x86_64-fedora-clang | 1.0.1 | 561.08 | OK | |||
r-devel-linux-x86_64-fedora-gcc | 1.0.1 | 572.44 | OK | |||
r-devel-windows-x86_64 | 1.0.1 | 5.00 | 322.00 | 327.00 | OK | |
r-patched-linux-x86_64 | 1.0.1 | 1.98 | 475.36 | 477.34 | OK | |
r-release-linux-x86_64 | 1.0.1 | 0.47 | 2.17 | 2.64 | ERROR | |
r-release-macos-arm64 | 1.0.1 | 167.00 | OK | |||
r-release-macos-x86_64 | 1.0.1 | 325.00 | OK | |||
r-release-windows-x86_64 | 1.0.1 | 5.00 | 319.00 | 324.00 | OK | |
r-oldrel-macos-arm64 | 1.0.1 | 161.00 | OK | |||
r-oldrel-macos-x86_64 | 1.0.1 | 453.00 | OK | |||
r-oldrel-windows-x86_64 | 1.0.1 | 5.00 | 412.00 | 417.00 | OK |
Version: 1.0.1
Check: package dependencies
Result: ERROR
Package required but not available: ‘RBesT’
See section ‘The DESCRIPTION file’ in the ‘Writing R Extensions’
manual.
Flavor: r-release-linux-x86_64