Last updated on 2024-08-16 15:49:28 CEST.
Flavor | Version | Tinstall | Tcheck | Ttotal | Status | Flags |
---|---|---|---|---|---|---|
r-devel-linux-x86_64-debian-clang | 1.3.4 | 28.12 | 78.07 | 106.19 | NOTE | |
r-devel-linux-x86_64-debian-gcc | 1.3.4 | 22.48 | 56.41 | 78.89 | NOTE | |
r-devel-linux-x86_64-fedora-clang | 1.3.4 | 181.28 | NOTE | |||
r-devel-linux-x86_64-fedora-gcc | 1.3.4 | 194.16 | NOTE | |||
r-devel-windows-x86_64 | 1.3.4 | 34.00 | 192.00 | 226.00 | NOTE | |
r-patched-linux-x86_64 | 1.3.4 | 30.61 | 73.41 | 104.02 | NOTE | |
r-release-linux-x86_64 | 1.3.4 | 29.88 | 74.40 | 104.28 | NOTE | |
r-release-macos-arm64 | 1.3.4 | 58.00 | NOTE | |||
r-release-macos-x86_64 | 1.3.4 | 151.00 | NOTE | |||
r-release-windows-x86_64 | 1.3.4 | 36.00 | 468.00 | 504.00 | NOTE | |
r-oldrel-macos-arm64 | 1.3.4 | 59.00 | NOTE | |||
r-oldrel-macos-x86_64 | 1.3.4 | 99.00 | NOTE | |||
r-oldrel-windows-x86_64 | 1.3.4 | 41.00 | 242.00 | 283.00 | NOTE |
Version: 1.3.4
Check: C++ specification
Result: NOTE
Specified C++11: please drop specification unless essential
Flavors: r-devel-linux-x86_64-debian-clang, r-devel-linux-x86_64-debian-gcc, r-devel-linux-x86_64-fedora-clang, r-devel-linux-x86_64-fedora-gcc, r-devel-windows-x86_64, r-patched-linux-x86_64, r-release-linux-x86_64, r-release-macos-arm64, r-release-macos-x86_64, r-release-windows-x86_64, r-oldrel-macos-arm64, r-oldrel-macos-x86_64, r-oldrel-windows-x86_64
Version: 1.3.4
Check: installed package size
Result: NOTE
installed size is 6.3Mb
sub-directories of 1Mb or more:
data 1.6Mb
extdata 1.1Mb
libs 3.1Mb
Flavors: r-release-macos-arm64, r-release-macos-x86_64, r-oldrel-macos-arm64, r-oldrel-macos-x86_64