Last updated on 2024-08-16 15:49:28 CEST.
Flavor | Version | Tinstall | Tcheck | Ttotal | Status | Flags |
---|---|---|---|---|---|---|
r-devel-linux-x86_64-debian-clang | 0.2.3 | 48.55 | 63.67 | 112.22 | NOTE | |
r-devel-linux-x86_64-debian-gcc | 0.2.3 | 36.63 | 49.23 | 85.86 | NOTE | |
r-devel-linux-x86_64-fedora-clang | 0.2.3 | 175.96 | NOTE | |||
r-devel-linux-x86_64-fedora-gcc | 0.2.3 | 199.81 | NOTE | |||
r-devel-windows-x86_64 | 0.2.3 | 46.00 | 105.00 | 151.00 | NOTE | |
r-patched-linux-x86_64 | 0.2.3 | 52.53 | 62.31 | 114.84 | NOTE | |
r-release-linux-x86_64 | 0.2.3 | 56.61 | 63.36 | 119.97 | NOTE | |
r-release-macos-arm64 | 0.2.3 | 50.00 | NOTE | |||
r-release-macos-x86_64 | 0.2.3 | 77.00 | NOTE | |||
r-release-windows-x86_64 | 0.2.3 | 49.00 | 103.00 | 152.00 | NOTE | |
r-oldrel-macos-arm64 | 0.2.3 | 57.00 | NOTE | |||
r-oldrel-macos-x86_64 | 0.2.3 | 89.00 | NOTE | |||
r-oldrel-windows-x86_64 | 0.2.3 | 58.00 | 122.00 | 180.00 | NOTE |
Version: 0.2.3
Check: LazyData
Result: NOTE
'LazyData' is specified without a 'data' directory
Flavors: r-devel-linux-x86_64-debian-clang, r-devel-linux-x86_64-debian-gcc, r-devel-linux-x86_64-fedora-clang, r-devel-linux-x86_64-fedora-gcc, r-devel-windows-x86_64, r-patched-linux-x86_64, r-release-linux-x86_64, r-release-macos-arm64, r-release-macos-x86_64, r-release-windows-x86_64, r-oldrel-macos-arm64, r-oldrel-macos-x86_64, r-oldrel-windows-x86_64
Version: 0.2.3
Check: installed package size
Result: NOTE
installed size is 21.2Mb
sub-directories of 1Mb or more:
libs 20.9Mb
Flavors: r-release-macos-arm64, r-release-macos-x86_64, r-oldrel-macos-arm64, r-oldrel-macos-x86_64