Last updated on 2024-08-16 15:49:28 CEST.
Flavor | Version | Tinstall | Tcheck | Ttotal | Status | Flags |
---|---|---|---|---|---|---|
r-devel-linux-x86_64-debian-clang | 0.1.1 | 8.13 | 23.77 | 31.90 | NOTE | |
r-devel-linux-x86_64-debian-gcc | 0.1.1 | 6.23 | 19.23 | 25.46 | NOTE | |
r-devel-linux-x86_64-fedora-clang | 0.1.1 | 52.82 | NOTE | |||
r-devel-linux-x86_64-fedora-gcc | 0.1.1 | 47.98 | NOTE | |||
r-devel-windows-x86_64 | 0.1.1 | 8.00 | 50.00 | 58.00 | NOTE | |
r-patched-linux-x86_64 | 0.1.1 | 7.40 | 24.15 | 31.55 | NOTE | |
r-release-linux-x86_64 | 0.1.1 | 7.98 | 23.60 | 31.58 | NOTE | |
r-release-macos-arm64 | 0.1.1 | 23.00 | NOTE | |||
r-release-macos-x86_64 | 0.1.1 | 33.00 | NOTE | |||
r-release-windows-x86_64 | 0.1.1 | 10.00 | 49.00 | 59.00 | NOTE | |
r-oldrel-macos-arm64 | 0.1.1 | 25.00 | NOTE | |||
r-oldrel-macos-x86_64 | 0.1.1 | 36.00 | NOTE | |||
r-oldrel-windows-x86_64 | 0.1.1 | 10.00 | 49.00 | 59.00 | NOTE |
Version: 0.1.1
Check: Rd files
Result: NOTE
checkRd: (-1) CMAPSS.Rd:10: Lost braces
10 | \item \code{train}{ a list of class "hhsmm.data" as the train dataset}
| ^
checkRd: (-1) CMAPSS.Rd:11: Lost braces
11 | \item \code{test}{ a list of class "hhsmm.data" as the test dataset}
| ^
checkRd: (-1) CMAPSS.Rd:12: Lost braces
12 | \item \code{subsets}{ a matrix containig the number of units in each subset of the CMAPSS data set (FD001-FD004) for the train and test datasets}
| ^
Flavors: r-devel-linux-x86_64-debian-clang, r-devel-linux-x86_64-debian-gcc, r-devel-linux-x86_64-fedora-clang, r-devel-linux-x86_64-fedora-gcc, r-devel-windows-x86_64, r-patched-linux-x86_64, r-release-linux-x86_64, r-release-macos-arm64, r-release-macos-x86_64, r-release-windows-x86_64
Version: 0.1.1
Check: installed package size
Result: NOTE
installed size is 5.3Mb
sub-directories of 1Mb or more:
data 5.2Mb
Flavors: r-devel-linux-x86_64-fedora-clang, r-devel-windows-x86_64, r-release-macos-arm64, r-release-macos-x86_64, r-release-windows-x86_64, r-oldrel-macos-arm64, r-oldrel-macos-x86_64, r-oldrel-windows-x86_64
Version: 0.1.1
Check: dependencies in R code
Result: NOTE
Namespace in Imports field not imported from: ‘Rdpack’
All declared Imports should be used.
Flavors: r-devel-linux-x86_64-fedora-clang, r-devel-linux-x86_64-fedora-gcc