Last updated on 2024-08-16 15:49:28 CEST.
Flavor | Version | Tinstall | Tcheck | Ttotal | Status | Flags |
---|---|---|---|---|---|---|
r-devel-linux-x86_64-debian-clang | 2.0.3 | 67.29 | 68.17 | 135.46 | NOTE | |
r-devel-linux-x86_64-debian-gcc | 2.0.3 | 56.08 | 45.94 | 102.02 | NOTE | |
r-devel-linux-x86_64-fedora-clang | 2.0.3 | 239.74 | NOTE | |||
r-devel-linux-x86_64-fedora-gcc | 2.0.3 | 267.68 | NOTE | |||
r-devel-windows-x86_64 | 2.0.3 | 80.00 | 115.00 | 195.00 | NOTE | |
r-patched-linux-x86_64 | 2.0.3 | 79.20 | 62.09 | 141.29 | NOTE | |
r-release-linux-x86_64 | 2.0.3 | 77.72 | 63.05 | 140.77 | NOTE | |
r-release-macos-arm64 | 2.0.3 | 64.00 | NOTE | |||
r-release-macos-x86_64 | 2.0.3 | 72.00 | NOTE | |||
r-release-windows-x86_64 | 2.0.3 | 78.00 | 97.00 | 175.00 | NOTE | |
r-oldrel-macos-arm64 | 2.0.3 | 77.00 | NOTE | |||
r-oldrel-macos-x86_64 | 2.0.3 | 107.00 | NOTE | |||
r-oldrel-windows-x86_64 | 2.0.3 | 96.00 | 120.00 | 216.00 | NOTE |
Version: 2.0.3
Check: LazyData
Result: NOTE
'LazyData' is specified without a 'data' directory
Flavors: r-devel-linux-x86_64-debian-clang, r-devel-linux-x86_64-debian-gcc, r-devel-linux-x86_64-fedora-clang, r-devel-linux-x86_64-fedora-gcc, r-devel-windows-x86_64, r-patched-linux-x86_64, r-release-linux-x86_64, r-release-macos-arm64, r-release-macos-x86_64, r-release-windows-x86_64, r-oldrel-macos-arm64, r-oldrel-macos-x86_64, r-oldrel-windows-x86_64
Version: 2.0.3
Check: installed package size
Result: NOTE
installed size is 9.9Mb
sub-directories of 1Mb or more:
libs 9.6Mb
Flavors: r-release-macos-arm64, r-release-macos-x86_64, r-oldrel-macos-arm64, r-oldrel-macos-x86_64