Last updated on 2024-06-15 15:49:04 CEST.
Flavor | Version | Tinstall | Tcheck | Ttotal | Status | Flags |
---|---|---|---|---|---|---|
r-devel-linux-x86_64-debian-clang | 0.1.5 | 5.39 | 58.19 | 63.58 | NOTE | |
r-devel-linux-x86_64-debian-gcc | 0.1.5 | 5.03 | 44.74 | 49.77 | NOTE | |
r-devel-linux-x86_64-fedora-clang | 0.1.5 | 88.86 | NOTE | |||
r-devel-linux-x86_64-fedora-gcc | 0.1.5 | 96.49 | NOTE | |||
r-devel-windows-x86_64 | 0.1.5 | 7.00 | 69.00 | 76.00 | NOTE | |
r-patched-linux-x86_64 | 0.1.5 | 6.49 | 57.06 | 63.55 | NOTE | |
r-release-linux-x86_64 | 0.1.5 | 4.61 | 56.46 | 61.07 | NOTE | |
r-release-macos-arm64 | 0.1.5 | 43.00 | NOTE | |||
r-release-macos-x86_64 | 0.1.5 | 60.00 | NOTE | |||
r-release-windows-x86_64 | 0.1.5 | 7.00 | 75.00 | 82.00 | ERROR | |
r-oldrel-macos-arm64 | 0.1.5 | 46.00 | OK | |||
r-oldrel-macos-x86_64 | 0.1.5 | 60.00 | OK | |||
r-oldrel-windows-x86_64 | 0.1.5 | 9.00 | 79.00 | 88.00 | OK |
Version: 0.1.5
Check: Rd files
Result: NOTE
checkRd: (-1) data_edit.Rd:137: Lost braces
137 | code{data_edit} is a shiny application built on \code{rhandsontable} that is
| ^
Flavors: r-devel-linux-x86_64-debian-clang, r-devel-linux-x86_64-debian-gcc, r-devel-linux-x86_64-fedora-clang, r-devel-linux-x86_64-fedora-gcc, r-devel-windows-x86_64, r-patched-linux-x86_64, r-release-linux-x86_64, r-release-macos-arm64, r-release-macos-x86_64, r-release-windows-x86_64
Version: 0.1.5
Check: examples
Result: ERROR
Running examples in 'DataEditR-Ex.R' failed
The error occurred in:
Flavor: r-release-windows-x86_64