Last updated on 2024-07-12 02:51:08 CEST.
Flavor | Version | Tinstall | Tcheck | Ttotal | Status | Flags |
---|---|---|---|---|---|---|
r-devel-linux-x86_64-debian-clang | 2.0.0 | 170.45 | 114.21 | 284.66 | NOTE | |
r-devel-linux-x86_64-debian-gcc | 2.0.0 | 118.77 | 81.91 | 200.68 | NOTE | |
r-devel-linux-x86_64-fedora-clang | 2.0.0 | 429.50 | NOTE | |||
r-devel-linux-x86_64-fedora-gcc | 2.0.0 | 429.03 | NOTE | |||
r-devel-windows-x86_64 | 2.0.0 | 144.00 | 121.00 | 265.00 | NOTE | |
r-patched-linux-x86_64 | 2.0.0 | 155.34 | 115.34 | 270.68 | NOTE | |
r-release-linux-x86_64 | 2.0.0 | 146.54 | 110.58 | 257.12 | NOTE | |
r-release-macos-arm64 | 2.0.0 | 91.00 | NOTE | |||
r-release-macos-x86_64 | 2.0.0 | 167.00 | NOTE | |||
r-release-windows-x86_64 | 2.0.0 | 146.00 | 116.00 | 262.00 | NOTE | |
r-oldrel-macos-arm64 | 2.0.0 | 110.00 | NOTE | |||
r-oldrel-macos-x86_64 | 2.0.0 | 144.00 | NOTE | |||
r-oldrel-windows-x86_64 | 2.0.0 | 178.00 | 150.00 | 328.00 | NOTE |
Version: 2.0.0
Check: for GNU extensions in Makefiles
Result: NOTE
GNU make is a SystemRequirements.
Flavors: r-devel-linux-x86_64-debian-clang, r-devel-linux-x86_64-debian-gcc, r-devel-linux-x86_64-fedora-clang, r-devel-linux-x86_64-fedora-gcc, r-devel-windows-x86_64, r-patched-linux-x86_64, r-release-linux-x86_64, r-release-macos-arm64, r-release-macos-x86_64, r-release-windows-x86_64, r-oldrel-macos-arm64, r-oldrel-macos-x86_64, r-oldrel-windows-x86_64
Version: 2.0.0
Check: Rd cross-references
Result: NOTE
Undeclared package ‘DRquality’ in Rd xrefs
Flavor: r-devel-linux-x86_64-fedora-clang
Version: 2.0.0
Check: installed package size
Result: NOTE
installed size is 7.4Mb
sub-directories of 1Mb or more:
doc 2.7Mb
libs 4.4Mb
Flavors: r-release-macos-arm64, r-release-macos-x86_64, r-oldrel-macos-arm64, r-oldrel-macos-x86_64