Last updated on 2024-08-16 15:49:30 CEST.
Flavor | Version | Tinstall | Tcheck | Ttotal | Status | Flags |
---|---|---|---|---|---|---|
r-devel-linux-x86_64-debian-clang | 4.1.3 | 3.93 | 34.81 | 38.74 | NOTE | |
r-devel-linux-x86_64-debian-gcc | 4.1.3 | 3.06 | 24.16 | 27.22 | NOTE | |
r-devel-linux-x86_64-fedora-clang | 4.1.3 | 64.03 | NOTE | |||
r-devel-linux-x86_64-fedora-gcc | 4.1.3 | 60.26 | NOTE | |||
r-devel-windows-x86_64 | 4.1.3 | 5.00 | 53.00 | 58.00 | NOTE | |
r-patched-linux-x86_64 | 4.1.3 | 3.15 | 32.69 | 35.84 | NOTE | |
r-release-linux-x86_64 | 4.1.3 | 3.31 | 32.93 | 36.24 | NOTE | |
r-release-macos-arm64 | 4.1.3 | 21.00 | NOTE | |||
r-release-macos-x86_64 | 4.1.3 | 34.00 | NOTE | |||
r-release-windows-x86_64 | 4.1.3 | 8.00 | 52.00 | 60.00 | NOTE | |
r-oldrel-macos-arm64 | 4.1.3 | 22.00 | OK | |||
r-oldrel-macos-x86_64 | 4.1.3 | 33.00 | OK | |||
r-oldrel-windows-x86_64 | 4.1.3 | 6.00 | 59.00 | 65.00 | OK |
Version: 4.1.3
Check: Rd files
Result: NOTE
checkRd: (-1) Deriv.Rd:33: Lost braces
33 | guessed either from\ code{names(formals(f))} (if \code{f} is a function)
| ^
Flavors: r-devel-linux-x86_64-debian-clang, r-devel-linux-x86_64-debian-gcc, r-devel-linux-x86_64-fedora-clang, r-devel-linux-x86_64-fedora-gcc, r-devel-windows-x86_64, r-patched-linux-x86_64, r-release-linux-x86_64, r-release-macos-arm64, r-release-macos-x86_64, r-release-windows-x86_64