Last updated on 2024-06-15 15:49:04 CEST.
Flavor | Version | Tinstall | Tcheck | Ttotal | Status | Flags |
---|---|---|---|---|---|---|
r-devel-linux-x86_64-debian-clang | 6.6 | 44.05 | 412.80 | 456.85 | OK | |
r-devel-linux-x86_64-debian-gcc | 6.6 | 33.27 | 275.02 | 308.29 | OK | |
r-devel-linux-x86_64-fedora-clang | 6.6 | 533.25 | OK | |||
r-devel-linux-x86_64-fedora-gcc | 6.6 | 512.50 | OK | |||
r-devel-windows-x86_64 | 6.6 | 34.00 | 267.00 | 301.00 | OK | |
r-patched-linux-x86_64 | 6.6 | 53.74 | 383.53 | 437.27 | OK | |
r-release-linux-x86_64 | 6.6 | 38.04 | 378.68 | 416.72 | OK | |
r-release-macos-arm64 | 6.6 | 114.00 | OK | |||
r-release-macos-x86_64 | 6.6 | 201.00 | OK | |||
r-release-windows-x86_64 | 6.6 | 38.00 | 294.00 | 332.00 | FAIL | |
r-oldrel-macos-arm64 | 6.6 | 111.00 | OK | |||
r-oldrel-macos-x86_64 | 6.6 | 283.00 | OK | |||
r-oldrel-windows-x86_64 | 6.6 | 50.00 | 354.00 | 404.00 | OK |
Version: 6.6
Check: HTML version of manual
Result: FAIL
Flavor: r-release-windows-x86_64