Last updated on 2024-08-16 03:49:21 CEST.
Flavor | Version | Tinstall | Tcheck | Ttotal | Status | Flags |
---|---|---|---|---|---|---|
r-devel-linux-x86_64-debian-clang | 2.0 | 3.64 | 169.68 | 173.32 | NOTE | |
r-devel-linux-x86_64-debian-gcc | 2.0 | 2.42 | 105.29 | 107.71 | NOTE | |
r-devel-linux-x86_64-fedora-clang | 2.0 | 280.34 | OK | |||
r-devel-linux-x86_64-fedora-gcc | 2.0 | 275.55 | OK | |||
r-devel-windows-x86_64 | 2.0 | 5.00 | 173.00 | 178.00 | NOTE | |
r-patched-linux-x86_64 | 2.0 | 4.33 | 154.80 | 159.13 | OK | |
r-release-linux-x86_64 | 2.0 | 3.40 | 153.97 | 157.37 | OK | |
r-release-macos-arm64 | 2.0 | 72.00 | OK | |||
r-release-macos-x86_64 | 2.0 | 119.00 | OK | |||
r-release-windows-x86_64 | 2.0 | 5.00 | 172.00 | 177.00 | OK | |
r-oldrel-macos-arm64 | 2.0 | 99.00 | OK | |||
r-oldrel-macos-x86_64 | 2.0 | 231.00 | OK | |||
r-oldrel-windows-x86_64 | 2.0 | 5.00 | 212.00 | 217.00 | OK |
Version: 2.0
Check: Rd cross-references
Result: NOTE
Found the following Rd file(s) with Rd \link{} targets missing package
anchors:
DurgaPlot.Rd: RColorBrewer
Please provide package anchors for all Rd \link{} targets not in the
package itself and the base packages.
Flavors: r-devel-linux-x86_64-debian-clang, r-devel-linux-x86_64-debian-gcc, r-devel-windows-x86_64