Last updated on 2024-08-16 15:49:30 CEST.
Flavor | Version | Tinstall | Tcheck | Ttotal | Status | Flags |
---|---|---|---|---|---|---|
r-devel-linux-x86_64-debian-clang | 0.0.3 | 10.30 | 48.55 | 58.85 | NOTE | |
r-devel-linux-x86_64-debian-gcc | 0.0.3 | 7.48 | 33.10 | 40.58 | NOTE | |
r-devel-linux-x86_64-fedora-clang | 0.0.3 | 94.36 | NOTE | |||
r-devel-linux-x86_64-fedora-gcc | 0.0.3 | 88.95 | NOTE | |||
r-devel-windows-x86_64 | 0.0.3 | 12.00 | 64.00 | 76.00 | NOTE | |
r-patched-linux-x86_64 | 0.0.3 | 19.50 | 45.53 | 65.03 | OK | |
r-release-linux-x86_64 | 0.0.3 | 10.48 | 45.24 | 55.72 | OK | |
r-release-macos-arm64 | 0.0.3 | 30.00 | OK | |||
r-release-macos-x86_64 | 0.0.3 | 43.00 | OK | |||
r-release-windows-x86_64 | 0.0.3 | 14.00 | 63.00 | 77.00 | OK | |
r-oldrel-macos-arm64 | 0.0.3 | 40.00 | OK | |||
r-oldrel-macos-x86_64 | 0.0.3 | 63.00 | OK | |||
r-oldrel-windows-x86_64 | 0.0.3 | 16.00 | 74.00 | 90.00 | OK |
Version: 0.0.3
Check: Rd cross-references
Result: NOTE
Found the following Rd file(s) with Rd \link{} targets missing package
anchors:
EEAaq_idw_map.Rd: idw, leaflet, addProviderTiles
Please provide package anchors for all Rd \link{} targets not in the
package itself and the base packages.
Flavors: r-devel-linux-x86_64-debian-clang, r-devel-linux-x86_64-debian-gcc, r-devel-windows-x86_64
Version: 0.0.3
Check: data for non-ASCII characters
Result: NOTE
Note: found 136358 marked UTF-8 strings
Flavors: r-devel-linux-x86_64-fedora-clang, r-devel-linux-x86_64-fedora-gcc