Last updated on 2024-05-07 15:48:24 CEST.
Flavor | Version | Tinstall | Tcheck | Ttotal | Status | Flags |
---|---|---|---|---|---|---|
r-devel-linux-x86_64-debian-clang | 1.0.3 | 11.02 | 88.77 | 99.79 | NOTE | |
r-devel-linux-x86_64-debian-gcc | 1.0.3 | 8.75 | 65.99 | 74.74 | NOTE | |
r-devel-linux-x86_64-fedora-clang | 1.0.3 | 130.57 | NOTE | |||
r-devel-linux-x86_64-fedora-gcc | 1.0.3 | 115.02 | NOTE | |||
r-devel-windows-x86_64 | 1.0.3 | 10.00 | 79.00 | 89.00 | OK | |
r-patched-linux-x86_64 | 1.0.3 | 11.63 | 87.56 | 99.19 | NOTE | |
r-release-linux-x86_64 | 1.0.3 | 10.39 | 85.03 | 95.42 | NOTE | |
r-release-macos-arm64 | 1.0.3 | 39.00 | OK | |||
r-release-windows-x86_64 | 1.0.3 | 10.00 | 78.00 | 88.00 | OK | |
r-oldrel-macos-arm64 | 1.0.3 | 43.00 | OK | |||
r-oldrel-macos-x86_64 | 1.0.3 | 74.00 | OK | |||
r-oldrel-windows-x86_64 | 1.0.3 | 13.00 | 93.00 | 106.00 | OK |
Version: 1.0.3
Check: for non-standard things in the check directory
Result: NOTE
Found the following files/directories:
‘eval_test_LG_ROC.pdf’ ‘test.pdf’
Flavors: r-devel-linux-x86_64-debian-clang, r-devel-linux-x86_64-debian-gcc, r-devel-linux-x86_64-fedora-clang, r-devel-linux-x86_64-fedora-gcc, r-patched-linux-x86_64, r-release-linux-x86_64