Last updated on 2024-08-16 15:49:30 CEST.
Flavor | Version | Tinstall | Tcheck | Ttotal | Status | Flags |
---|---|---|---|---|---|---|
r-devel-linux-x86_64-debian-clang | 0.9.7 | 6.02 | 81.36 | 87.38 | NOTE | |
r-devel-linux-x86_64-debian-gcc | 0.9.7 | 3.76 | 52.30 | 56.06 | NOTE | |
r-devel-linux-x86_64-fedora-clang | 0.9.7 | 140.07 | OK | |||
r-devel-linux-x86_64-fedora-gcc | 0.9.7 | 130.57 | OK | |||
r-devel-windows-x86_64 | 0.9.7 | 8.00 | 98.00 | 106.00 | NOTE | |
r-patched-linux-x86_64 | 0.9.7 | 10.40 | 78.35 | 88.75 | OK | |
r-release-linux-x86_64 | 0.9.7 | 5.33 | 78.05 | 83.38 | OK | |
r-release-macos-arm64 | 0.9.7 | 38.00 | OK | |||
r-release-macos-x86_64 | 0.9.7 | 61.00 | OK | |||
r-release-windows-x86_64 | 0.9.7 | 8.00 | 97.00 | 105.00 | OK | |
r-oldrel-macos-arm64 | 0.9.7 | 38.00 | OK | |||
r-oldrel-macos-x86_64 | 0.9.7 | 67.00 | OK | |||
r-oldrel-windows-x86_64 | 0.9.7 | 10.00 | 117.00 | 127.00 | OK |
Version: 0.9.7
Check: Rd cross-references
Result: NOTE
Found the following Rd file(s) with Rd \link{} targets missing package
anchors:
EMMA.Rd: rotations, nnls
GUI.Rd: runApp
test.robustness.Rd: rotations
Please provide package anchors for all Rd \link{} targets not in the
package itself and the base packages.
Flavors: r-devel-linux-x86_64-debian-clang, r-devel-linux-x86_64-debian-gcc, r-devel-windows-x86_64