Last updated on 2024-08-16 15:49:30 CEST.
Flavor | Version | Tinstall | Tcheck | Ttotal | Status | Flags |
---|---|---|---|---|---|---|
r-devel-linux-x86_64-debian-clang | 1.9-1 | 7.17 | 48.34 | 55.51 | OK | |
r-devel-linux-x86_64-debian-gcc | 1.9-1 | 4.84 | 34.70 | 39.54 | OK | |
r-devel-linux-x86_64-fedora-clang | 1.9-1 | 88.70 | NOTE | |||
r-devel-linux-x86_64-fedora-gcc | 1.9-1 | 83.07 | OK | |||
r-devel-windows-x86_64 | 1.9-1 | 7.00 | 65.00 | 72.00 | OK | |
r-patched-linux-x86_64 | 1.9-1 | 7.27 | 44.79 | 52.06 | OK | |
r-release-linux-x86_64 | 1.9-1 | 6.53 | 45.15 | 51.68 | OK | |
r-release-macos-arm64 | 1.9-1 | 27.00 | OK | |||
r-release-macos-x86_64 | 1.9-1 | 41.00 | OK | |||
r-release-windows-x86_64 | 1.9-1 | 6.00 | 65.00 | 71.00 | OK | |
r-oldrel-macos-arm64 | 1.9-1 | 28.00 | OK | |||
r-oldrel-macos-x86_64 | 1.9-1 | 51.00 | NOTE | |||
r-oldrel-windows-x86_64 | 1.9-1 | 7.00 | 74.00 | 81.00 | OK |
Version: 1.9-1
Check: Rd cross-references
Result: NOTE
Undeclared packages ‘carData’, ‘faraway’ in Rd xrefs
Flavor: r-devel-linux-x86_64-fedora-clang
Version: 1.9-1
Check: Rd cross-references
Result: NOTE
Package unavailable to check Rd xrefs: ‘faraway’
Flavor: r-oldrel-macos-x86_64