Last updated on 2024-08-16 15:49:30 CEST.
Flavor | Version | Tinstall | Tcheck | Ttotal | Status | Flags |
---|---|---|---|---|---|---|
r-devel-linux-x86_64-debian-clang | 1.0.4 | 180.47 | 35.32 | 215.79 | NOTE | |
r-devel-linux-x86_64-debian-gcc | 1.0.4 | 130.51 | 25.77 | 156.28 | NOTE | |
r-devel-linux-x86_64-fedora-clang | 1.0.4 | 514.53 | NOTE | |||
r-devel-linux-x86_64-fedora-gcc | 1.0.4 | 478.94 | NOTE | |||
r-devel-windows-x86_64 | 1.0.4 | 218.00 | 81.00 | 299.00 | NOTE | |
r-patched-linux-x86_64 | 1.0.4 | 180.54 | 33.20 | 213.74 | NOTE | |
r-release-linux-x86_64 | 1.0.4 | 187.21 | 33.49 | 220.70 | NOTE | |
r-release-macos-arm64 | 1.0.4 | 119.00 | NOTE | |||
r-release-macos-x86_64 | 1.0.4 | 95.00 | NOTE | |||
r-release-windows-x86_64 | 1.0.4 | 223.00 | 80.00 | 303.00 | NOTE | |
r-oldrel-macos-arm64 | 1.0.4 | 146.00 | NOTE | |||
r-oldrel-macos-x86_64 | 1.0.4 | 250.00 | NOTE | |||
r-oldrel-windows-x86_64 | 1.0.4 | 251.00 | 93.00 | 344.00 | NOTE |
Version: 1.0.4
Check: C++ specification
Result: NOTE
Specified C++11: please drop specification unless essential
Flavors: r-devel-linux-x86_64-debian-clang, r-devel-linux-x86_64-debian-gcc, r-devel-linux-x86_64-fedora-clang, r-devel-linux-x86_64-fedora-gcc, r-devel-windows-x86_64, r-patched-linux-x86_64, r-release-linux-x86_64, r-release-macos-arm64, r-release-macos-x86_64, r-release-windows-x86_64, r-oldrel-macos-arm64, r-oldrel-macos-x86_64, r-oldrel-windows-x86_64
Version: 1.0.4
Check: Rd files
Result: NOTE
checkRd: (-1) minimize.Rd:22: Lost braces in \itemize; meant \describe ?
checkRd: (-1) minimize.Rd:23: Lost braces in \itemize; meant \describe ?
checkRd: (-1) minimize.Rd:24: Lost braces in \itemize; meant \describe ?
checkRd: (-1) minimize.Rd:25: Lost braces in \itemize; meant \describe ?
checkRd: (-1) minimize.Rd:26: Lost braces in \itemize; meant \describe ?
checkRd: (-1) minimize.Rd:27: Lost braces in \itemize; meant \describe ?
checkRd: (-1) minimize.Rd:28: Lost braces in \itemize; meant \describe ?
checkRd: (-1) minimize.Rd:29: Lost braces in \itemize; meant \describe ?
checkRd: (-1) minimize.Rd:30: Lost braces in \itemize; meant \describe ?
checkRd: (-1) minimize.Rd:31: Lost braces in \itemize; meant \describe ?
checkRd: (-1) minimize.Rd:32: Lost braces in \itemize; meant \describe ?
checkRd: (-1) minimize.Rd:33: Lost braces in \itemize; meant \describe ?
Flavors: r-devel-linux-x86_64-debian-clang, r-devel-linux-x86_64-debian-gcc, r-devel-linux-x86_64-fedora-clang, r-devel-linux-x86_64-fedora-gcc, r-devel-windows-x86_64, r-patched-linux-x86_64, r-release-linux-x86_64, r-release-macos-arm64, r-release-macos-x86_64, r-release-windows-x86_64
Version: 1.0.4
Check: installed package size
Result: NOTE
installed size is 8.9Mb
sub-directories of 1Mb or more:
libs 8.5Mb
Flavors: r-release-macos-arm64, r-release-macos-x86_64, r-oldrel-macos-arm64, r-oldrel-macos-x86_64