Last updated on 2024-04-27 15:49:32 CEST.
Flavor | Version | Tinstall | Tcheck | Ttotal | Status | Flags |
---|---|---|---|---|---|---|
r-devel-linux-x86_64-debian-clang | 1.1.7 | 37.28 | 87.18 | 124.46 | OK | |
r-devel-linux-x86_64-debian-gcc | 1.1.7 | 30.51 | 55.39 | 85.90 | OK | |
r-devel-linux-x86_64-fedora-clang | 1.1.7 | 152.05 | NOTE | |||
r-devel-linux-x86_64-fedora-gcc | 1.1.7 | 145.26 | OK | |||
r-devel-windows-x86_64 | 1.1.7 | 32.00 | 74.00 | 106.00 | OK | |
r-patched-linux-x86_64 | 1.1.7 | 31.48 | 73.61 | 105.09 | OK | |
r-release-linux-x86_64 | 1.1.7 | 36.20 | 73.59 | 109.79 | OK | |
r-release-macos-arm64 | 1.1.7 | 44.00 | OK | |||
r-release-windows-x86_64 | 1.1.7 | 31.00 | 74.00 | 105.00 | OK | |
r-oldrel-macos-arm64 | 1.1.7 | 47.00 | OK | |||
r-oldrel-macos-x86_64 | 1.1.7 | 73.00 | OK | |||
r-oldrel-windows-x86_64 | 1.1.7 | 37.00 | 89.00 | 126.00 | OK |
Version: 1.1.7
Check: installed package size
Result: NOTE
installed size is 5.2Mb
sub-directories of 1Mb or more:
libs 4.7Mb
Flavor: r-devel-linux-x86_64-fedora-clang