Last updated on 2024-07-12 02:51:09 CEST.
Flavor | Version | Tinstall | Tcheck | Ttotal | Status | Flags |
---|---|---|---|---|---|---|
r-devel-linux-x86_64-debian-clang | 3.0.2 | 26.34 | 57.00 | 83.34 | OK | |
r-devel-linux-x86_64-debian-gcc | 3.0.2 | 16.20 | 42.48 | 58.68 | OK | |
r-devel-linux-x86_64-fedora-clang | 3.0.2 | 110.21 | OK | |||
r-devel-linux-x86_64-fedora-gcc | 3.0.2 | 118.40 | OK | |||
r-devel-windows-x86_64 | 3.0.2 | 22.00 | 75.00 | 97.00 | NOTE | |
r-patched-linux-x86_64 | 3.0.2 | 20.01 | 53.17 | 73.18 | OK | |
r-release-linux-x86_64 | 3.0.2 | 23.08 | 55.05 | 78.13 | OK | |
r-release-macos-arm64 | 3.0.2 | 46.00 | OK | |||
r-release-macos-x86_64 | 3.0.2 | 130.00 | OK | |||
r-release-windows-x86_64 | 3.0.2 | 21.00 | 73.00 | 94.00 | NOTE | |
r-oldrel-macos-arm64 | 3.0.2 | 43.00 | OK | |||
r-oldrel-macos-x86_64 | 3.0.2 | 63.00 | OK | |||
r-oldrel-windows-x86_64 | 3.0.2 | 27.00 | 87.00 | 114.00 | NOTE |
Version: 3.0.2
Check: installed package size
Result: NOTE
installed size is 5.1Mb
sub-directories of 1Mb or more:
extdata 4.0Mb
Flavors: r-devel-windows-x86_64, r-release-windows-x86_64, r-oldrel-windows-x86_64