Last updated on 2024-08-16 15:49:31 CEST.
Flavor | Version | Tinstall | Tcheck | Ttotal | Status | Flags |
---|---|---|---|---|---|---|
r-devel-linux-x86_64-debian-clang | 2.0.0 | 20.41 | 349.96 | 370.37 | NOTE | |
r-devel-linux-x86_64-debian-gcc | 2.0.0 | 14.58 | 233.80 | 248.38 | NOTE | |
r-devel-linux-x86_64-fedora-clang | 2.0.0 | 595.35 | OK | |||
r-devel-linux-x86_64-fedora-gcc | 2.0.0 | 570.57 | OK | |||
r-devel-windows-x86_64 | 2.0.0 | 22.00 | 335.00 | 357.00 | NOTE | |
r-patched-linux-x86_64 | 2.0.0 | 28.92 | 318.18 | 347.10 | OK | |
r-release-linux-x86_64 | 2.0.0 | 21.24 | 326.81 | 348.05 | OK | |
r-release-macos-arm64 | 2.0.0 | 178.00 | OK | |||
r-release-macos-x86_64 | 2.0.0 | 243.00 | OK | |||
r-release-windows-x86_64 | 2.0.0 | 21.00 | 337.00 | 358.00 | OK | |
r-oldrel-macos-arm64 | 2.0.0 | 181.00 | OK | |||
r-oldrel-macos-x86_64 | 2.0.0 | 410.00 | OK | |||
r-oldrel-windows-x86_64 | 2.0.0 | 28.00 | 433.00 | 461.00 | OK |
Version: 2.0.0
Check: Rd cross-references
Result: NOTE
Found the following Rd file(s) with Rd \link{} targets missing package
anchors:
classtable.Rd: confusionMatrix
Please provide package anchors for all Rd \link{} targets not in the
package itself and the base packages.
Flavors: r-devel-linux-x86_64-debian-clang, r-devel-linux-x86_64-debian-gcc, r-devel-windows-x86_64