Last updated on 2024-07-12 02:51:10 CEST.
Flavor | Version | Tinstall | Tcheck | Ttotal | Status | Flags |
---|---|---|---|---|---|---|
r-devel-linux-x86_64-debian-clang | 0.1.0 | 1.79 | 20.26 | 22.05 | OK | |
r-devel-linux-x86_64-debian-gcc | 0.1.0 | 1.54 | 16.43 | 17.97 | OK | |
r-devel-linux-x86_64-fedora-clang | 0.1.0 | 28.91 | NOTE | |||
r-devel-linux-x86_64-fedora-gcc | 0.1.0 | 27.49 | NOTE | |||
r-devel-windows-x86_64 | 0.1.0 | 4.00 | 37.00 | 41.00 | OK | |
r-patched-linux-x86_64 | 0.1.0 | 1.62 | 20.47 | 22.09 | OK | |
r-release-linux-x86_64 | 0.1.0 | 1.28 | 19.43 | 20.71 | OK | |
r-release-macos-arm64 | 0.1.0 | 15.00 | OK | |||
r-release-macos-x86_64 | 0.1.0 | 27.00 | OK | |||
r-release-windows-x86_64 | 0.1.0 | 3.00 | 37.00 | 40.00 | OK | |
r-oldrel-macos-arm64 | 0.1.0 | 21.00 | OK | |||
r-oldrel-macos-x86_64 | 0.1.0 | 19.00 | OK | |||
r-oldrel-windows-x86_64 | 0.1.0 | 3.00 | 39.00 | 42.00 | OK |
Version: 0.1.0
Check: dependencies in R code
Result: NOTE
Namespace in Imports field not imported from: ‘dplyr’
All declared Imports should be used.
Flavors: r-devel-linux-x86_64-fedora-clang, r-devel-linux-x86_64-fedora-gcc