Last updated on 2024-05-02 15:51:00 CEST.
Flavor | Version | Tinstall | Tcheck | Ttotal | Status | Flags |
---|---|---|---|---|---|---|
r-devel-linux-x86_64-debian-clang | 0.2.2 | 13.26 | 206.25 | 219.51 | OK | |
r-devel-linux-x86_64-debian-gcc | 0.2.2 | 8.49 | 152.69 | 161.18 | OK | |
r-devel-linux-x86_64-fedora-clang | 0.2.2 | 283.30 | OK | |||
r-devel-linux-x86_64-fedora-gcc | 0.2.2 | 288.31 | OK | |||
r-devel-windows-x86_64 | 0.2.2 | 11.00 | 140.00 | 151.00 | OK | |
r-patched-linux-x86_64 | 0.2.2 | 10.98 | 194.96 | 205.94 | OK | |
r-release-linux-x86_64 | 0.2.2 | 10.92 | 194.76 | 205.68 | OK | |
r-release-macos-arm64 | 0.2.2 | 78.00 | OK | |||
r-release-windows-x86_64 | 0.2.2 | 10.00 | 138.00 | 148.00 | OK | |
r-oldrel-macos-arm64 | 0.2.2 | 85.00 | OK | |||
r-oldrel-macos-x86_64 | 0.2.2 | 114.00 | NOTE | |||
r-oldrel-windows-x86_64 | 0.2.2 | 14.00 | 170.00 | 184.00 | OK |
Version: 0.2.2
Check: package dependencies
Result: NOTE
Package suggested but not available for checking: ‘DESeq2’
Flavor: r-oldrel-macos-x86_64