Last updated on 2024-08-16 15:49:31 CEST.
Flavor | Version | Tinstall | Tcheck | Ttotal | Status | Flags |
---|---|---|---|---|---|---|
r-devel-linux-x86_64-debian-clang | 4.0.1 | 11.20 | 71.58 | 82.78 | OK | |
r-devel-linux-x86_64-debian-gcc | 4.0.1 | 6.26 | 53.36 | 59.62 | OK | |
r-devel-linux-x86_64-fedora-clang | 4.0.1 | 2.34 | ERROR | |||
r-devel-linux-x86_64-fedora-gcc | 4.0.1 | 2.48 | ERROR | |||
r-devel-windows-x86_64 | 4.0.1 | 13.00 | 86.00 | 99.00 | OK | |
r-patched-linux-x86_64 | 4.0.1 | 11.47 | 65.47 | 76.94 | OK | |
r-release-linux-x86_64 | 4.0.1 | 10.39 | 66.70 | 77.09 | OK | |
r-release-macos-arm64 | 4.0.1 | 39.00 | OK | |||
r-release-macos-x86_64 | 4.0.1 | 57.00 | OK | |||
r-release-windows-x86_64 | 4.0.1 | 11.00 | 83.00 | 94.00 | OK | |
r-oldrel-macos-arm64 | 4.0.1 | 44.00 | OK | |||
r-oldrel-macos-x86_64 | 4.0.1 | 85.00 | OK | |||
r-oldrel-windows-x86_64 | 4.0.1 | 15.00 | 99.00 | 114.00 | OK |
Version: 4.0.1
Check: package dependencies
Result: ERROR
Package required but not available: ‘arcgislayers’
See section ‘The DESCRIPTION file’ in the ‘Writing R Extensions’
manual.
Flavors: r-devel-linux-x86_64-fedora-clang, r-devel-linux-x86_64-fedora-gcc