Last updated on 2024-07-12 02:51:11 CEST.
Flavor | Version | Tinstall | Tcheck | Ttotal | Status | Flags |
---|---|---|---|---|---|---|
r-devel-linux-x86_64-debian-clang | 1.1 | 4.66 | 56.79 | 61.45 | OK | |
r-devel-linux-x86_64-debian-gcc | 1.1 | 3.82 | 43.00 | 46.82 | OK | |
r-devel-linux-x86_64-fedora-clang | 1.1 | 76.89 | NOTE | |||
r-devel-linux-x86_64-fedora-gcc | 1.1 | 85.19 | NOTE | |||
r-devel-windows-x86_64 | 1.1 | 7.00 | 67.00 | 74.00 | OK | |
r-patched-linux-x86_64 | 1.1 | 4.09 | 53.53 | 57.62 | OK | |
r-release-linux-x86_64 | 1.1 | 3.00 | 54.69 | 57.69 | OK | |
r-release-macos-arm64 | 1.1 | 56.00 | OK | |||
r-release-macos-x86_64 | 1.1 | 82.00 | OK | |||
r-release-windows-x86_64 | 1.1 | 8.00 | 66.00 | 74.00 | OK | |
r-oldrel-macos-arm64 | 1.1 | 53.00 | OK | |||
r-oldrel-macos-x86_64 | 1.1 | 79.00 | OK | |||
r-oldrel-windows-x86_64 | 1.1 | 8.00 | 74.00 | 82.00 | OK |
Version: 1.1
Check: data for non-ASCII characters
Result: NOTE
Note: found 866 marked UTF-8 strings
Flavors: r-devel-linux-x86_64-fedora-clang, r-devel-linux-x86_64-fedora-gcc