Last updated on 2024-06-15 15:49:07 CEST.
Flavor | Version | Tinstall | Tcheck | Ttotal | Status | Flags |
---|---|---|---|---|---|---|
r-devel-linux-x86_64-debian-clang | 1.1.5 | 17.95 | 87.35 | 105.30 | OK | |
r-devel-linux-x86_64-debian-gcc | 1.1.5 | 12.89 | 61.97 | 74.86 | OK | |
r-devel-linux-x86_64-fedora-clang | 1.1.5 | 123.71 | NOTE | |||
r-devel-linux-x86_64-fedora-gcc | 1.1.5 | 118.68 | OK | |||
r-devel-windows-x86_64 | 1.1.5 | 13.00 | 72.00 | 85.00 | OK | |
r-patched-linux-x86_64 | 1.1.5 | 16.76 | 82.71 | 99.47 | OK | |
r-release-linux-x86_64 | 1.1.5 | 15.07 | 83.54 | 98.61 | OK | |
r-release-macos-arm64 | 1.1.5 | 30.00 | OK | |||
r-release-macos-x86_64 | 1.1.5 | 59.00 | OK | |||
r-release-windows-x86_64 | 1.1.5 | 12.00 | 74.00 | 86.00 | OK | |
r-oldrel-macos-arm64 | 1.1.5 | 38.00 | OK | |||
r-oldrel-macos-x86_64 | 1.1.5 | 95.00 | OK | |||
r-oldrel-windows-x86_64 | 1.1.5 | 17.00 | 84.00 | 101.00 | OK |
Version: 1.1.5
Check: Rd cross-references
Result: NOTE
Undeclared package ‘glmmLasso’ in Rd xrefs
Flavor: r-devel-linux-x86_64-fedora-clang