Last updated on 2024-08-16 15:49:33 CEST.
Flavor | Version | Tinstall | Tcheck | Ttotal | Status | Flags |
---|---|---|---|---|---|---|
r-devel-linux-x86_64-debian-clang | 1.2.7 | 189.05 | 322.92 | 511.97 | OK | |
r-devel-linux-x86_64-debian-gcc | 1.2.7 | 119.38 | 222.35 | 341.73 | OK | |
r-devel-linux-x86_64-fedora-clang | 1.2.7 | 822.07 | NOTE | |||
r-devel-linux-x86_64-fedora-gcc | 1.2.7 | 766.93 | OK | |||
r-devel-windows-x86_64 | 1.2.7 | 162.00 | 319.00 | 481.00 | NOTE | |
r-patched-linux-x86_64 | 1.2.7 | 156.44 | 299.86 | 456.30 | OK | |
r-release-linux-x86_64 | 1.2.7 | 158.80 | 300.46 | 459.26 | OK | |
r-release-macos-arm64 | 1.2.7 | 243.00 | NOTE | |||
r-release-macos-x86_64 | 1.2.7 | 363.00 | NOTE | |||
r-release-windows-x86_64 | 1.2.7 | 165.00 | 319.00 | 484.00 | NOTE | |
r-oldrel-macos-arm64 | 1.2.7 | 229.00 | NOTE | |||
r-oldrel-macos-x86_64 | 1.2.7 | 579.00 | NOTE | |||
r-oldrel-windows-x86_64 | 1.2.7 | 241.00 | 408.00 | 649.00 | NOTE |
Version: 1.2.7
Check: installed package size
Result: NOTE
installed size is 6.3Mb
sub-directories of 1Mb or more:
R 5.7Mb
Flavors: r-devel-linux-x86_64-fedora-clang, r-devel-windows-x86_64, r-release-macos-arm64, r-release-macos-x86_64, r-release-windows-x86_64, r-oldrel-macos-arm64, r-oldrel-macos-x86_64, r-oldrel-windows-x86_64