Last updated on 2024-06-15 15:49:06 CEST.
Flavor | Version | Tinstall | Tcheck | Ttotal | Status | Flags |
---|---|---|---|---|---|---|
r-devel-linux-x86_64-debian-clang | 1.1.1 | 3.69 | 25.22 | 28.91 | NOTE | |
r-devel-linux-x86_64-debian-gcc | 1.1.1 | 2.94 | 19.45 | 22.39 | NOTE | |
r-devel-linux-x86_64-fedora-clang | 1.1.1 | 37.14 | NOTE | |||
r-devel-linux-x86_64-fedora-gcc | 1.1.1 | 34.66 | NOTE | |||
r-devel-windows-x86_64 | 1.1.1 | 6.00 | 45.00 | 51.00 | NOTE | |
r-patched-linux-x86_64 | 1.1.1 | 3.16 | 23.66 | 26.82 | NOTE | |
r-release-linux-x86_64 | 1.1.1 | 2.77 | 24.00 | 26.77 | NOTE | |
r-release-macos-arm64 | 1.1.1 | 17.00 | NOTE | |||
r-release-macos-x86_64 | 1.1.1 | 25.00 | NOTE | |||
r-release-windows-x86_64 | 1.1.1 | 6.00 | 45.00 | 51.00 | NOTE | |
r-oldrel-macos-arm64 | 1.1.1 | 18.00 | OK | |||
r-oldrel-macos-x86_64 | 1.1.1 | 34.00 | OK | |||
r-oldrel-windows-x86_64 | 1.1.1 | 8.00 | 46.00 | 54.00 | OK |
Version: 1.1.1
Check: Rd files
Result: NOTE
checkRd: (-1) Sim.Markov.Chain.Rd:14: Lost braces; missing escapes or markup?
14 | \item{eta0}{inital value in {1,...,r}.}
| ^
Flavors: r-devel-linux-x86_64-debian-clang, r-devel-linux-x86_64-debian-gcc, r-devel-linux-x86_64-fedora-clang, r-devel-linux-x86_64-fedora-gcc, r-devel-windows-x86_64, r-patched-linux-x86_64, r-release-linux-x86_64, r-release-macos-arm64, r-release-macos-x86_64, r-release-windows-x86_64