Last updated on 2024-05-08 03:52:14 CEST.
Flavor | Version | Tinstall | Tcheck | Ttotal | Status | Flags |
---|---|---|---|---|---|---|
r-devel-linux-x86_64-debian-clang | 1.5 | 4.73 | 59.20 | 63.93 | OK | |
r-devel-linux-x86_64-debian-gcc | 1.5 | 1.86 | 42.70 | 44.56 | OK | |
r-devel-linux-x86_64-fedora-clang | 1.5 | 77.02 | NOTE | |||
r-devel-linux-x86_64-fedora-gcc | 1.5 | 97.13 | OK | |||
r-devel-windows-x86_64 | 1.5 | 4.00 | 68.00 | 72.00 | NOTE | |
r-patched-linux-x86_64 | 1.4.3 | 3.09 | 46.45 | 49.54 | OK | |
r-release-linux-x86_64 | 1.5 | 3.50 | 55.34 | 58.84 | OK | |
r-release-macos-arm64 | 1.5 | 38.00 | NOTE | |||
r-release-macos-x86_64 | 1.5 | 117.00 | NOTE | |||
r-release-windows-x86_64 | 1.5 | 4.00 | 83.00 | 87.00 | NOTE | |
r-oldrel-macos-arm64 | 1.5 | 41.00 | NOTE | |||
r-oldrel-macos-x86_64 | 1.5 | 86.00 | NOTE | |||
r-oldrel-windows-x86_64 | 1.5 | 7.00 | 74.00 | 81.00 | NOTE |
Version: 1.5
Check: installed package size
Result: NOTE
installed size is 5.1Mb
sub-directories of 1Mb or more:
extdata 4.9Mb
Flavors: r-devel-linux-x86_64-fedora-clang, r-devel-windows-x86_64, r-release-macos-arm64, r-release-macos-x86_64, r-release-windows-x86_64, r-oldrel-macos-arm64, r-oldrel-macos-x86_64, r-oldrel-windows-x86_64