Last updated on 2024-05-02 15:51:03 CEST.
Flavor | Version | Tinstall | Tcheck | Ttotal | Status | Flags |
---|---|---|---|---|---|---|
r-devel-linux-x86_64-debian-clang | 1.2.4 | 5.03 | 136.19 | 141.22 | OK | |
r-devel-linux-x86_64-debian-gcc | 1.2.4 | 3.47 | 104.71 | 108.18 | OK | |
r-devel-linux-x86_64-fedora-clang | 1.2.4 | 174.67 | NOTE | |||
r-devel-linux-x86_64-fedora-gcc | 1.2.4 | 183.82 | NOTE | |||
r-devel-windows-x86_64 | 1.2.4 | 5.00 | 149.00 | 154.00 | OK | |
r-patched-linux-x86_64 | 1.2.4 | 3.04 | 130.31 | 133.35 | OK | |
r-release-linux-x86_64 | 1.2.4 | 2.71 | 131.75 | 134.46 | OK | |
r-release-macos-arm64 | 1.2.4 | 61.00 | OK | |||
r-release-macos-x86_64 | 1.2.4 | 180.00 | OK | |||
r-release-windows-x86_64 | 1.2.4 | 5.00 | 148.00 | 153.00 | OK | |
r-oldrel-macos-arm64 | 1.2.4 | 67.00 | OK | |||
r-oldrel-macos-x86_64 | 1.2.4 | 174.00 | OK | |||
r-oldrel-windows-x86_64 | 1.2.4 | 7.00 | 170.00 | 177.00 | OK |
Version: 1.2.4
Check: dependencies in R code
Result: NOTE
Namespaces in Imports field not imported from:
‘recipes’ ‘tune’
All declared Imports should be used.
Flavors: r-devel-linux-x86_64-fedora-clang, r-devel-linux-x86_64-fedora-gcc