Last updated on 2024-08-16 15:49:33 CEST.
Flavor | Version | Tinstall | Tcheck | Ttotal | Status | Flags |
---|---|---|---|---|---|---|
r-devel-linux-x86_64-debian-clang | 6.1 | 20.43 | 119.79 | 140.22 | OK | |
r-devel-linux-x86_64-debian-gcc | 6.1 | 12.17 | 81.22 | 93.39 | OK | |
r-devel-linux-x86_64-fedora-clang | 6.1 | 228.69 | NOTE | |||
r-devel-linux-x86_64-fedora-gcc | 6.1 | 214.03 | OK | |||
r-devel-windows-x86_64 | 6.1 | 25.00 | 145.00 | 170.00 | OK | |
r-patched-linux-x86_64 | 6.1 | 23.13 | 111.55 | 134.68 | OK | |
r-release-linux-x86_64 | 6.1 | 19.70 | 112.82 | 132.52 | OK | |
r-release-macos-arm64 | 6.1 | 77.00 | OK | |||
r-release-macos-x86_64 | 6.1 | 112.00 | OK | |||
r-release-windows-x86_64 | 6.1 | 24.00 | 142.00 | 166.00 | OK | |
r-oldrel-macos-arm64 | 6.1 | 91.00 | OK | |||
r-oldrel-macos-x86_64 | 6.1 | 138.00 | OK | |||
r-oldrel-windows-x86_64 | 6.1 | 27.00 | 188.00 | 215.00 | OK |
Version: 6.1
Check: Rd cross-references
Result: NOTE
Undeclared package ‘sp’ in Rd xrefs
Flavor: r-devel-linux-x86_64-fedora-clang