Last updated on 2024-04-27 15:49:36 CEST.
Flavor | Version | Tinstall | Tcheck | Ttotal | Status | Flags |
---|---|---|---|---|---|---|
r-devel-linux-x86_64-debian-clang | 1.0.4 | 36.60 | 379.95 | 416.55 | OK | |
r-devel-linux-x86_64-debian-gcc | 1.0.4 | 27.33 | 266.16 | 293.49 | OK | |
r-devel-linux-x86_64-fedora-clang | 1.0.4 | 496.75 | NOTE | |||
r-devel-linux-x86_64-fedora-gcc | 1.0.4 | 491.32 | NOTE | |||
r-devel-windows-x86_64 | 1.0.4 | 25.00 | 262.00 | 287.00 | OK | |
r-patched-linux-x86_64 | 1.0.4 | 20.83 | 362.32 | 383.15 | OK | |
r-release-linux-x86_64 | 1.0.4 | 21.76 | 348.24 | 370.00 | OK | |
r-release-macos-arm64 | 1.0.4 | 144.00 | OK | |||
r-release-windows-x86_64 | 1.0.4 | 26.00 | 258.00 | 284.00 | OK | |
r-oldrel-macos-arm64 | 1.0.4 | 96.00 | OK | |||
r-oldrel-macos-x86_64 | 1.0.4 | 135.00 | OK | |||
r-oldrel-windows-x86_64 | 1.0.4 | 36.00 | 329.00 | 365.00 | OK |
Version: 1.0.4
Check: data for non-ASCII characters
Result: NOTE
Note: found 10 marked UTF-8 strings
Flavors: r-devel-linux-x86_64-fedora-clang, r-devel-linux-x86_64-fedora-gcc
Version: 1.0.4
Check: for detritus in the temp directory
Result: NOTE
Found the following files/directories:
‘Crashpad’
Flavor: r-devel-linux-x86_64-fedora-gcc