Last updated on 2024-06-26 14:55:09 CEST.
Flavor | Version | Tinstall | Tcheck | Ttotal | Status | Flags |
---|---|---|---|---|---|---|
r-devel-windows-x86_64 | 2.6.2 | 130.00 | 64.00 | 194.00 | OK | |
r-release-windows-x86_64 | 2.6.2 | 137.00 | 66.00 | 203.00 | OK | |
r-oldrel-macos-x86_64 | 2.6.0 | 5.00 | ERROR | |||
r-oldrel-windows-x86_64 | 2.6.2 | 132.00 | 64.00 | 196.00 | OK |
Version: 2.6.0
Check: PDF version of manual
Result: WARN
LaTeX errors when creating PDF version.
This typically indicates Rd problems.
Flavor: r-oldrel-macos-x86_64
Version: 2.6.0
Check: PDF version of manual without index
Result: ERROR
Re-running with no redirection of stdout/stderr.
Flavor: r-oldrel-macos-x86_64