Last updated on 2024-08-16 15:49:35 CEST.
Flavor | Version | Tinstall | Tcheck | Ttotal | Status | Flags |
---|---|---|---|---|---|---|
r-devel-linux-x86_64-debian-clang | 0.2.0 | 370.43 | 422.97 | 793.40 | NOTE | |
r-devel-linux-x86_64-debian-gcc | 0.2.0 | 310.47 | 252.11 | 562.58 | NOTE | |
r-devel-linux-x86_64-fedora-clang | 0.2.0 | 1186.81 | NOTE | |||
r-devel-linux-x86_64-fedora-gcc | 0.2.0 | 1419.88 | NOTE | |||
r-devel-windows-x86_64 | 0.2.0 | 302.00 | 397.00 | 699.00 | NOTE | |
r-patched-linux-x86_64 | 0.2.0 | 396.78 | 410.22 | 807.00 | NOTE | |
r-release-linux-x86_64 | 0.2.0 | 408.07 | 415.75 | 823.82 | NOTE | |
r-release-macos-arm64 | 0.2.0 | 265.00 | NOTE | |||
r-release-macos-x86_64 | 0.2.0 | 390.00 | NOTE | |||
r-release-windows-x86_64 | 0.2.0 | 306.00 | 370.00 | 676.00 | NOTE | |
r-oldrel-macos-arm64 | 0.2.0 | 258.00 | NOTE | |||
r-oldrel-macos-x86_64 | 0.2.0 | 466.00 | NOTE | |||
r-oldrel-windows-x86_64 | 0.2.0 | 438.00 | 559.00 | 997.00 | NOTE |
Version: 0.2.0
Check: for GNU extensions in Makefiles
Result: NOTE
GNU make is a SystemRequirements.
Flavors: r-devel-linux-x86_64-debian-clang, r-devel-linux-x86_64-debian-gcc, r-devel-linux-x86_64-fedora-clang, r-devel-linux-x86_64-fedora-gcc, r-devel-windows-x86_64, r-patched-linux-x86_64, r-release-linux-x86_64, r-release-macos-arm64, r-release-macos-x86_64, r-release-windows-x86_64, r-oldrel-macos-arm64, r-oldrel-macos-x86_64, r-oldrel-windows-x86_64
Version: 0.2.0
Check: installed package size
Result: NOTE
installed size is 5.5Mb
sub-directories of 1Mb or more:
libs 4.5Mb
Flavors: r-devel-linux-x86_64-fedora-clang, r-release-macos-arm64, r-release-macos-x86_64, r-oldrel-macos-arm64, r-oldrel-macos-x86_64
Version: 0.2.0
Check: dependencies in R code
Result: NOTE
Namespaces in Imports field not imported from:
‘RcppParallel’ ‘rstantools’
All declared Imports should be used.
Flavors: r-devel-linux-x86_64-fedora-clang, r-devel-linux-x86_64-fedora-gcc