Last updated on 2024-06-26 14:55:10 CEST.
Flavor | Version | Tinstall | Tcheck | Ttotal | Status | Flags |
---|---|---|---|---|---|---|
r-devel-linux-x86_64-debian-clang | 1.1.0 | NOTE | ||||
r-devel-linux-x86_64-debian-gcc | 1.1.0 | 8.40 | 73.59 | 81.99 | NOTE | |
r-devel-linux-x86_64-fedora-clang | 1.1.0 | 134.23 | NOTE | |||
r-devel-linux-x86_64-fedora-gcc | 1.1.0 | 141.85 | NOTE | |||
r-devel-windows-x86_64 | 1.1.0 | 8.00 | 91.00 | 99.00 | NOTE | |
r-patched-linux-x86_64 | 1.1.0 | 10.90 | 93.31 | 104.21 | NOTE | |
r-release-linux-x86_64 | 1.1.0 | 10.20 | 94.98 | 105.18 | NOTE | |
r-release-macos-arm64 | 1.1.0 | 54.00 | NOTE | |||
r-release-macos-x86_64 | 1.1.0 | 72.00 | NOTE | |||
r-release-windows-x86_64 | 1.1.0 | 9.00 | 93.00 | 102.00 | NOTE | |
r-oldrel-macos-arm64 | 1.1.0 | 50.00 | NOTE | |||
r-oldrel-macos-x86_64 | 1.1.0 | 86.00 | NOTE | |||
r-oldrel-windows-x86_64 | 1.1.0 | 11.00 | 110.00 | 121.00 | NOTE |
Version: 1.1.0
Check: LazyData
Result: NOTE
'LazyData' is specified without a 'data' directory
Flavors: r-devel-linux-x86_64-debian-clang, r-devel-linux-x86_64-debian-gcc, r-devel-linux-x86_64-fedora-clang, r-devel-linux-x86_64-fedora-gcc, r-devel-windows-x86_64, r-patched-linux-x86_64, r-release-linux-x86_64, r-release-macos-arm64, r-release-macos-x86_64, r-release-windows-x86_64, r-oldrel-macos-arm64, r-oldrel-macos-x86_64, r-oldrel-windows-x86_64
Version: 1.1.0
Check: Rd cross-references
Result: NOTE
Undeclared package ‘zoo’ in Rd xrefs
Flavor: r-devel-linux-x86_64-fedora-clang