Last updated on 2024-06-26 14:55:11 CEST.
Flavor | Version | Tinstall | Tcheck | Ttotal | Status | Flags |
---|---|---|---|---|---|---|
r-devel-linux-x86_64-debian-clang | 1.0.2 | NOTE | ||||
r-devel-linux-x86_64-debian-gcc | 1.0.2 | 2.67 | 46.74 | 49.41 | NOTE | |
r-devel-linux-x86_64-fedora-clang | 1.0.2 | 80.13 | NOTE | |||
r-devel-linux-x86_64-fedora-gcc | 1.0.2 | 78.31 | NOTE | |||
r-devel-windows-x86_64 | 1.0.2 | 5.00 | 69.00 | 74.00 | NOTE | |
r-patched-linux-x86_64 | 1.0.2 | 6.00 | 62.03 | 68.03 | NOTE | |
r-release-linux-x86_64 | 1.0.2 | 5.59 | 60.68 | 66.27 | NOTE | |
r-release-macos-arm64 | 1.0.2 | 30.00 | NOTE | |||
r-release-macos-x86_64 | 1.0.2 | 43.00 | NOTE | |||
r-release-windows-x86_64 | 1.0.2 | 5.00 | 72.00 | 77.00 | NOTE | |
r-oldrel-macos-arm64 | 1.0.2 | 33.00 | NOTE | |||
r-oldrel-macos-x86_64 | 1.0.2 | 49.00 | NOTE | |||
r-oldrel-windows-x86_64 | 1.0.2 | 6.00 | 80.00 | 86.00 | NOTE |
Version: 1.0.2
Check: LazyData
Result: NOTE
'LazyData' is specified without a 'data' directory
Flavors: r-devel-linux-x86_64-debian-clang, r-devel-linux-x86_64-debian-gcc, r-devel-linux-x86_64-fedora-clang, r-devel-linux-x86_64-fedora-gcc, r-devel-windows-x86_64, r-patched-linux-x86_64, r-release-linux-x86_64, r-release-macos-arm64, r-release-macos-x86_64, r-release-windows-x86_64, r-oldrel-macos-arm64, r-oldrel-macos-x86_64, r-oldrel-windows-x86_64