Last updated on 2024-08-16 15:49:36 CEST.
Flavor | Version | Tinstall | Tcheck | Ttotal | Status | Flags |
---|---|---|---|---|---|---|
r-devel-linux-x86_64-debian-clang | 0.1.0 | 946.10 | 214.34 | 1160.44 | NOTE | |
r-devel-linux-x86_64-debian-gcc | 0.1.0 | 834.41 | 209.20 | 1043.61 | NOTE | |
r-devel-linux-x86_64-fedora-clang | 0.1.0 | 1715.65 | NOTE | |||
r-devel-linux-x86_64-fedora-gcc | 0.1.0 | 2527.75 | NOTE | |||
r-devel-windows-x86_64 | 0.1.0 | 825.00 | 301.00 | 1126.00 | NOTE | |
r-patched-linux-x86_64 | 0.1.0 | 1036.49 | 284.13 | 1320.62 | NOTE | |
r-release-linux-x86_64 | 0.1.0 | 1040.90 | 300.06 | 1340.96 | NOTE | |
r-release-macos-arm64 | 0.1.0 | 434.00 | NOTE | |||
r-release-macos-x86_64 | 0.1.0 | 413.00 | NOTE | |||
r-release-windows-x86_64 | 0.1.0 | 834.00 | 295.00 | 1129.00 | NOTE | |
r-oldrel-macos-arm64 | 0.1.0 | 447.00 | NOTE | |||
r-oldrel-macos-x86_64 | 0.1.0 | 708.00 | NOTE | |||
r-oldrel-windows-x86_64 | 0.1.0 | 1136.00 | 381.00 | 1517.00 | NOTE |
Version: 0.1.0
Check: for GNU extensions in Makefiles
Result: NOTE
GNU make is a SystemRequirements.
Flavors: r-devel-linux-x86_64-debian-clang, r-devel-linux-x86_64-debian-gcc, r-devel-linux-x86_64-fedora-clang, r-devel-linux-x86_64-fedora-gcc, r-devel-windows-x86_64, r-patched-linux-x86_64, r-release-linux-x86_64, r-release-macos-arm64, r-release-macos-x86_64, r-release-windows-x86_64, r-oldrel-macos-arm64, r-oldrel-macos-x86_64, r-oldrel-windows-x86_64
Version: 0.1.0
Check: installed package size
Result: NOTE
installed size is 10.6Mb
sub-directories of 1Mb or more:
libs 9.9Mb
Flavors: r-devel-linux-x86_64-fedora-clang, r-devel-windows-x86_64, r-release-macos-arm64, r-release-macos-x86_64, r-release-windows-x86_64, r-oldrel-macos-arm64, r-oldrel-macos-x86_64, r-oldrel-windows-x86_64
Version: 0.1.0
Check: dependencies in R code
Result: NOTE
Namespaces in Imports field not imported from:
‘pracma’ ‘rstantools’
All declared Imports should be used.
Flavors: r-devel-linux-x86_64-fedora-clang, r-devel-linux-x86_64-fedora-gcc