Last updated on 2024-06-26 14:55:11 CEST.
Flavor | Version | Tinstall | Tcheck | Ttotal | Status | Flags |
---|---|---|---|---|---|---|
r-devel-linux-x86_64-debian-clang | 1.0.0 | NOTE | ||||
r-devel-linux-x86_64-debian-gcc | 1.0.0 | 9.97 | 85.90 | 95.87 | NOTE | |
r-devel-linux-x86_64-fedora-clang | 1.0.0 | 164.35 | NOTE | |||
r-devel-linux-x86_64-fedora-gcc | 1.0.0 | 151.77 | NOTE | |||
r-devel-windows-x86_64 | 1.0.0 | 12.00 | 103.00 | 115.00 | NOTE | |
r-patched-linux-x86_64 | 1.0.0 | 21.79 | 111.91 | 133.70 | NOTE | |
r-release-linux-x86_64 | 1.0.0 | 8.79 | 109.86 | 118.65 | NOTE | |
r-release-macos-arm64 | 1.0.0 | 44.00 | NOTE | |||
r-release-macos-x86_64 | 1.0.0 | 70.00 | NOTE | |||
r-release-windows-x86_64 | 1.0.0 | 13.00 | 104.00 | 117.00 | NOTE | |
r-oldrel-macos-arm64 | 1.0.0 | 50.00 | OK | |||
r-oldrel-macos-x86_64 | 1.0.0 | 83.00 | OK | |||
r-oldrel-windows-x86_64 | 1.0.0 | 16.00 | 124.00 | 140.00 | OK |
Version: 1.0.0
Check: Rd files
Result: NOTE
checkRd: (-1) MLGL.Rd:43: Lost braces; missing escapes or markup?
43 | \item{y}{vector of size n. If loss = "logit", elements of y must be in {-1,1}}
| ^
checkRd: (-1) cv.MLGL.Rd:25: Lost braces; missing escapes or markup?
25 | \item{y}{vector of size n. If loss = "logit", elements of y must be in {-1,1}}
| ^
checkRd: (-1) overlapgglasso.Rd:26: Lost braces; missing escapes or markup?
26 | \item{y}{vector of size n. If loss = "logit", elements of y must be in {-1,1}}
| ^
checkRd: (-1) stability.MLGL.Rd:25: Lost braces; missing escapes or markup?
25 | \item{y}{vector of size n. If loss = "logit", elements of y must be in {-1,1}}
| ^
Flavors: r-devel-linux-x86_64-debian-clang, r-devel-linux-x86_64-debian-gcc, r-devel-linux-x86_64-fedora-clang, r-devel-linux-x86_64-fedora-gcc, r-devel-windows-x86_64, r-patched-linux-x86_64, r-release-linux-x86_64, r-release-macos-arm64, r-release-macos-x86_64, r-release-windows-x86_64