Last updated on 2024-08-16 15:49:35 CEST.
Flavor | Version | Tinstall | Tcheck | Ttotal | Status | Flags |
---|---|---|---|---|---|---|
r-devel-linux-x86_64-debian-clang | 0.6.2 | 8.60 | 73.86 | 82.46 | NOTE | |
r-devel-linux-x86_64-debian-gcc | 0.6.2 | 6.61 | 51.60 | 58.21 | NOTE | |
r-devel-linux-x86_64-fedora-clang | 0.6.2 | 131.11 | NOTE | |||
r-devel-linux-x86_64-fedora-gcc | 0.6.2 | 125.66 | NOTE | |||
r-devel-windows-x86_64 | 0.6.2 | 11.00 | 88.00 | 99.00 | NOTE | |
r-patched-linux-x86_64 | 0.6.2 | 10.07 | 69.04 | 79.11 | NOTE | |
r-release-linux-x86_64 | 0.6.2 | 8.83 | 68.92 | 77.75 | NOTE | |
r-release-macos-arm64 | 0.6.2 | 38.00 | NOTE | |||
r-release-macos-x86_64 | 0.6.2 | 61.00 | NOTE | |||
r-release-windows-x86_64 | 0.6.2 | 12.00 | 88.00 | 100.00 | NOTE | |
r-oldrel-macos-arm64 | 0.6.2 | 40.00 | NOTE | |||
r-oldrel-macos-x86_64 | 0.6.2 | 66.00 | NOTE | |||
r-oldrel-windows-x86_64 | 0.6.2 | 13.00 | 107.00 | 120.00 | NOTE |
Version: 0.6.2
Check: LazyData
Result: NOTE
'LazyData' is specified without a 'data' directory
Flavors: r-devel-linux-x86_64-debian-clang, r-devel-linux-x86_64-debian-gcc, r-devel-linux-x86_64-fedora-clang, r-devel-linux-x86_64-fedora-gcc, r-devel-windows-x86_64, r-patched-linux-x86_64, r-release-linux-x86_64, r-release-macos-arm64, r-release-macos-x86_64, r-release-windows-x86_64, r-oldrel-macos-arm64, r-oldrel-macos-x86_64, r-oldrel-windows-x86_64