Last updated on 2024-06-26 14:55:10 CEST.
Flavor | Version | Tinstall | Tcheck | Ttotal | Status | Flags |
---|---|---|---|---|---|---|
r-devel-linux-x86_64-debian-clang | 0.2 | NOTE | ||||
r-devel-linux-x86_64-debian-gcc | 0.2 | 24.46 | 37.88 | 62.34 | NOTE | |
r-devel-linux-x86_64-fedora-clang | 0.2 | 113.16 | NOTE | |||
r-devel-linux-x86_64-fedora-gcc | 0.2 | 116.76 | NOTE | |||
r-devel-windows-x86_64 | 0.2 | 30.00 | 69.00 | 99.00 | NOTE | |
r-patched-linux-x86_64 | 0.2 | 28.30 | 46.95 | 75.25 | NOTE | |
r-release-linux-x86_64 | 0.2 | 33.75 | 48.29 | 82.04 | NOTE | |
r-release-macos-arm64 | 0.2 | 32.00 | NOTE | |||
r-release-macos-x86_64 | 0.2 | 46.00 | NOTE | |||
r-release-windows-x86_64 | 0.2 | 31.00 | 76.00 | 107.00 | NOTE | |
r-oldrel-macos-arm64 | 0.2 | 42.00 | NOTE | |||
r-oldrel-macos-x86_64 | 0.2 | 55.00 | NOTE | |||
r-oldrel-windows-x86_64 | 0.2 | 38.00 | 84.00 | 122.00 | NOTE |
Version: 0.2
Check: LazyData
Result: NOTE
'LazyData' is specified without a 'data' directory
Flavors: r-devel-linux-x86_64-debian-clang, r-devel-linux-x86_64-debian-gcc, r-devel-linux-x86_64-fedora-clang, r-devel-linux-x86_64-fedora-gcc, r-devel-windows-x86_64, r-patched-linux-x86_64, r-release-linux-x86_64, r-release-macos-arm64, r-release-macos-x86_64, r-release-windows-x86_64, r-oldrel-macos-arm64, r-oldrel-macos-x86_64, r-oldrel-windows-x86_64