Last updated on 2024-08-16 15:49:36 CEST.
Flavor | Version | Tinstall | Tcheck | Ttotal | Status | Flags |
---|---|---|---|---|---|---|
r-devel-linux-x86_64-debian-clang | 2.1.2 | 10.90 | 87.15 | 98.05 | OK | |
r-devel-linux-x86_64-debian-gcc | 2.1.2 | 8.38 | 61.30 | 69.68 | OK | |
r-devel-linux-x86_64-fedora-clang | 2.1.2 | 163.30 | NOTE | |||
r-devel-linux-x86_64-fedora-gcc | 2.1.2 | 151.26 | NOTE | |||
r-devel-windows-x86_64 | 2.1.2 | 13.00 | 100.00 | 113.00 | OK | |
r-patched-linux-x86_64 | 2.1.2 | 11.44 | 81.95 | 93.39 | OK | |
r-release-linux-x86_64 | 2.1.2 | 12.57 | 83.52 | 96.09 | OK | |
r-release-macos-arm64 | 2.1.2 | 46.00 | OK | |||
r-release-macos-x86_64 | 2.1.2 | 67.00 | OK | |||
r-release-windows-x86_64 | 2.1.2 | 13.00 | 98.00 | 111.00 | OK | |
r-oldrel-macos-arm64 | 2.1.2 | 47.00 | OK | |||
r-oldrel-macos-x86_64 | 2.1.2 | 76.00 | OK | |||
r-oldrel-windows-x86_64 | 2.1.2 | 16.00 | 121.00 | 137.00 | OK |
Version: 2.1.2
Check: dependencies in R code
Result: NOTE
Namespace in Imports field not imported from: ‘metadat’
All declared Imports should be used.
Flavors: r-devel-linux-x86_64-fedora-clang, r-devel-linux-x86_64-fedora-gcc