Last updated on 2024-06-26 14:55:12 CEST.
Flavor | Version | Tinstall | Tcheck | Ttotal | Status | Flags |
---|---|---|---|---|---|---|
r-devel-linux-x86_64-debian-clang | 1.2.1 | OK | ||||
r-devel-linux-x86_64-debian-gcc | 1.2.1 | 3.98 | 94.15 | 98.13 | OK | |
r-devel-linux-x86_64-fedora-clang | 1.2.1 | 174.55 | NOTE | |||
r-devel-linux-x86_64-fedora-gcc | 1.2.1 | 177.52 | NOTE | |||
r-devel-windows-x86_64 | 1.2.1 | 5.00 | 110.00 | 115.00 | OK | |
r-patched-linux-x86_64 | 1.2.1 | 6.08 | 127.53 | 133.61 | OK | |
r-release-linux-x86_64 | 1.2.1 | 4.47 | 128.34 | 132.81 | OK | |
r-release-macos-arm64 | 1.2.1 | 107.00 | OK | |||
r-release-macos-x86_64 | 1.2.1 | 80.00 | OK | |||
r-release-windows-x86_64 | 1.2.1 | 6.00 | 109.00 | 115.00 | OK | |
r-oldrel-macos-arm64 | 1.2.1 | 48.00 | OK | |||
r-oldrel-macos-x86_64 | 1.2.1 | 76.00 | OK | |||
r-oldrel-windows-x86_64 | 1.2.1 | 5.00 | 121.00 | 126.00 | OK |
Version: 1.2.1
Check: dependencies in R code
Result: NOTE
Namespaces in Imports field not imported from:
‘Rdpack’ ‘curl’ ‘mathjaxr’
All declared Imports should be used.
Flavors: r-devel-linux-x86_64-fedora-clang, r-devel-linux-x86_64-fedora-gcc